{"id":33592,"date":"2024-07-29T14:24:33","date_gmt":"2024-07-29T12:24:33","guid":{"rendered":"https:\/\/kauma.es\/caso-de-estudio\/embassy-madrid-1931\/"},"modified":"2026-04-23T16:43:36","modified_gmt":"2026-04-23T14:43:36","slug":"embassy-madrid-1931","status":"publish","type":"caso-de-estudio","link":"https:\/\/kauma.es\/ca\/caso-de-estudio\/embassy-madrid-1931\/","title":{"rendered":"Embassy Madrid 1931"},"content":{"rendered":"<section class=\"l-section wpb_row height_auto\"><div class=\"l-section-h i-cf\"><div class=\"g-cols vc_row via_flex valign_top type_default stacking_default\"><div class=\"vc_col-sm-6 wpb_column vc_column_container\"><div class=\"vc_column-inner\"><div class=\"wpb_wrapper\"><div class=\"w-text\"><span class=\"w-text-h\"><span class=\"w-text-value\">EL REPTE<\/span><\/span><\/div><div class=\"w-separator size_medium\"><\/div><h2 class=\"w-text us_custom_47025d36\"><span class=\"w-text-h\"><span class=\"w-text-value\">Terrassa confortable i adaptada a la normativa de s\u00f2l p\u00fablic<\/span><\/span><\/h2><\/div><\/div><\/div><div class=\"vc_col-sm-6 wpb_column vc_column_container\"><div class=\"vc_column-inner\"><div class=\"wpb_wrapper\"><div class=\"wpb_text_column us_custom_35d02291\"><div class=\"wpb_wrapper\"><p>L&#8217;Obrador Embassy, amb gaireb\u00e9 90 anys d&#8217;hist\u00f2ria, volia disposar d&#8217;una terrassa acord amb la seva exigent clientela. La seva ubicaci\u00f3, en ple cor gastron\u00f2mic de la ciutat, careixia de protecci\u00f3 davant m\u00faltiples agents: carrer molt transitat, caiguda de fulles i mal temps. <\/p>\n<p>En el moment en qu\u00e8 van contactar amb Kauma, tenia a m\u00e9s un s\u00f2l en pendent. Un projecte 360\u00ba: nivellaci\u00f3 de s\u00f2l, protecci\u00f3 horitzontal i cerrament vertical, sense oblidar la normativa de s\u00f2l p\u00fablic.<\/p>\n<\/div><\/div><\/div><\/div><\/div><\/div><\/div><\/section><section class=\"l-section wpb_row us_custom_c70c97eb height_auto\"><div class=\"l-section-h i-cf\"><div class=\"g-cols vc_row via_flex valign_top type_default stacking_default\"><div class=\"vc_col-sm-12 wpb_column vc_column_container\"><div class=\"vc_column-inner\"><div class=\"wpb_wrapper\"><div class=\"w-grid-none type_message\">No s'ha trobat cap resultat.<\/div><\/div><\/div><\/div><\/div><\/div><\/section><section class=\"l-section wpb_row height_auto\"><div class=\"l-section-h i-cf\"><div class=\"g-cols vc_row via_flex valign_top type_default stacking_default\"><div class=\"vc_col-sm-6 wpb_column vc_column_container\"><div class=\"vc_column-inner\"><div class=\"wpb_wrapper\"><div class=\"w-text\"><span class=\"w-text-h\"><span class=\"w-text-value\">LA SOLUCI\u00d3 KAUMA<\/span><\/span><\/div><div class=\"w-separator size_medium\"><\/div><h2 class=\"w-text us_custom_47025d36\"><span class=\"w-text-h\"><span class=\"w-text-value\">Un projecte 360\u00ba amb<br \/>\ns\u00f2l, sostre i mamparas.<\/span><\/span><\/h2><\/div><\/div><\/div><div class=\"vc_col-sm-6 wpb_column vc_column_container\"><div class=\"vc_column-inner\"><div class=\"wpb_wrapper\"><div class=\"wpb_text_column us_custom_35d02291\"><div class=\"wpb_wrapper\"><p>Vam comen\u00e7ar per nivellar el s\u00f2l amb una estructura de tarima Kauma. Sobre la mateixa, la soluci\u00f3 de sostre m\u00f2bil Tactic 120. Aix\u00ed, quan les condicions clim\u00e0tiques s\u00f3n \u00f2ptimes, el sostre queda obert a les brises. Els panells s\u00f3n de policarbonat cel\u00b7lular d&#8217;\u00faltima generaci\u00f3, cosa que permet que passi la llum natural filtrant els raigs ultraviolats que s\u00f3n els que produeixen l&#8217;efecte hivernacle. Quan cau la nit, els focus LED integrats a la perfileria compleixen a la perfecci\u00f3 les necessitats lluminoses.    <\/p>\n<p>En vertical, vam plantejar per a Embassy el paravent Extenda. Aquest sistema \u00e9s un paravent elevable i compleix m\u00faltiples funcions: tancat, funciona com a barana de seguretat ja que hi ha risc de caiguda per la difer\u00e8ncia d&#8217;al\u00e7ada que es produeix en nivellar el s\u00f2l; est\u00e8s, arriba fins a la part superior del sostre, tancant-se i protegint completament els clients. A la terrassa s&#8217;accedeix per una porta, tamb\u00e9 creada per Kauma, que amplifica la protecci\u00f3 en dies grisos.<\/p>\n<\/div><\/div><\/div><\/div><\/div><\/div><\/div><\/section>\n","protected":false},"excerpt":{"rendered":"<p>Un projecte integral amb<br \/>\nnivellaci\u00f3 de s\u00f2l, sostre<br \/>\nm\u00f2bil i multifuncionals<br \/>\nparavents.<\/p>\n","protected":false},"featured_media":19802,"template":"","meta":{"_acf_changed":false},"categoria-casos-de-estudio":[39],"class_list":["post-33592","caso-de-estudio","type-caso-de-estudio","status-publish","has-post-thumbnail","hentry","categoria-casos-de-estudio-comercial"],"acf":[],"_links":{"self":[{"href":"https:\/\/kauma.es\/ca\/wp-json\/wp\/v2\/caso-de-estudio\/33592","targetHints":{"allow":["GET"]}}],"collection":[{"href":"https:\/\/kauma.es\/ca\/wp-json\/wp\/v2\/caso-de-estudio"}],"about":[{"href":"https:\/\/kauma.es\/ca\/wp-json\/wp\/v2\/types\/caso-de-estudio"}],"wp:featuredmedia":[{"embeddable":true,"href":"https:\/\/kauma.es\/ca\/wp-json\/wp\/v2\/media\/19802"}],"wp:attachment":[{"href":"https:\/\/kauma.es\/ca\/wp-json\/wp\/v2\/media?parent=33592"}],"wp:term":[{"taxonomy":"categoria-casos-de-estudio","embeddable":true,"href":"https:\/\/kauma.es\/ca\/wp-json\/wp\/v2\/categoria-casos-de-estudio?post=33592"}],"curies":[{"name":"wp","href":"https:\/\/api.w.org\/{rel}","templated":true}]}}

<section class="l-section wpb_row height_auto"><div class="l-section-h i-cf"><div class="g-cols vc_row via_flex valign_top type_default stacking_default"><div class="vc_col-sm-6 wpb_column vc_column_container"><div class="vc_column-inner"><div class="wpb_wrapper"><div class="w-text"><span class="w-text-h"><span class="w-text-value">EL REPTE</span></span></div><div class="w-separator size_medium"></div><h2 class="w-text us_custom_47025d36"><span class="w-text-h"><span class="w-text-value">Terrassa confortable i adaptada a la normativa de sòl públic</span></span></h2></div></div></div><div class="vc_col-sm-6 wpb_column vc_column_container"><div class="vc_column-inner"><div class="wpb_wrapper"><div class="wpb_text_column us_custom_35d02291"><div class="wpb_wrapper"><p>L&#8217;Obrador Embassy, amb gairebé 90 anys d&#8217;història, volia disposar d&#8217;una terrassa acord amb la seva exigent clientela. La seva ubicació, en ple cor gastronòmic de la ciutat, careixia de protecció davant múltiples agents: carrer molt transitat, caiguda de fulles i mal temps. </p>
<p>En el moment en què van contactar amb Kauma, tenia a més un sòl en pendent. Un projecte 360º: nivellació de sòl, protecció horitzontal i cerrament vertical, sense oblidar la normativa de sòl públic.</p>
</div></div></div></div></div></div></div></section><section class="l-section wpb_row us_custom_c70c97eb height_auto"><div class="l-section-h i-cf"><div class="g-cols vc_row via_flex valign_top type_default stacking_default"><div class="vc_col-sm-12 wpb_column vc_column_container"><div class="vc_column-inner"><div class="wpb_wrapper"><div class="w-grid-none type_message">No s'ha trobat cap resultat.</div></div></div></div></div></div></section><section class="l-section wpb_row height_auto"><div class="l-section-h i-cf"><div class="g-cols vc_row via_flex valign_top type_default stacking_default"><div class="vc_col-sm-6 wpb_column vc_column_container"><div class="vc_column-inner"><div class="wpb_wrapper"><div class="w-text"><span class="w-text-h"><span class="w-text-value">LA SOLUCIÓ KAUMA</span></span></div><div class="w-separator size_medium"></div><h2 class="w-text us_custom_47025d36"><span class="w-text-h"><span class="w-text-value">Un projecte 360º amb<br />
sòl, sostre i mamparas.</span></span></h2></div></div></div><div class="vc_col-sm-6 wpb_column vc_column_container"><div class="vc_column-inner"><div class="wpb_wrapper"><div class="wpb_text_column us_custom_35d02291"><div class="wpb_wrapper"><p>Vam començar per nivellar el sòl amb una estructura de tarima Kauma. Sobre la mateixa, la solució de sostre mòbil Tactic 120. Així, quan les condicions climàtiques són òptimes, el sostre queda obert a les brises. Els panells són de policarbonat cel·lular d&#8217;última generació, cosa que permet que passi la llum natural filtrant els raigs ultraviolats que són els que produeixen l&#8217;efecte hivernacle. Quan cau la nit, els focus LED integrats a la perfileria compleixen a la perfecció les necessitats lluminoses.    </p>
<p>En vertical, vam plantejar per a Embassy el paravent Extenda. Aquest sistema és un paravent elevable i compleix múltiples funcions: tancat, funciona com a barana de seguretat ja que hi ha risc de caiguda per la diferència d&#8217;alçada que es produeix en nivellar el sòl; estès, arriba fins a la part superior del sostre, tancant-se i protegint completament els clients. A la terrassa s&#8217;accedeix per una porta, també creada per Kauma, que amplifica la protecció en dies grisos.</p>
</div></div></div></div></div></div></div></section>

<p>Un projecte integral amb<br />
nivellació de sòl, sostre<br />
mòbil i multifuncionals<br />
paravents.</p>
