{"id":33593,"date":"2024-07-29T14:24:22","date_gmt":"2024-07-29T12:24:22","guid":{"rendered":"https:\/\/kauma.es\/caso-de-estudio\/restaurant-paraiso\/"},"modified":"2026-04-23T16:46:11","modified_gmt":"2026-04-23T14:46:11","slug":"restaurant-paraiso","status":"publish","type":"caso-de-estudio","link":"https:\/\/kauma.es\/ca\/caso-de-estudio\/restaurant-paraiso\/","title":{"rendered":"Restaurant Para\u00edso"},"content":{"rendered":"<section class=\"l-section wpb_row height_auto\"><div class=\"l-section-h i-cf\"><div class=\"g-cols vc_row via_flex valign_top type_default stacking_default\"><div class=\"vc_col-sm-6 wpb_column vc_column_container\"><div class=\"vc_column-inner\"><div class=\"wpb_wrapper\"><div class=\"w-text\"><span class=\"w-text-h\"><span class=\"w-text-value\">EL REPTE<\/span><\/span><\/div><div class=\"w-separator size_medium\"><\/div><h2 class=\"w-text us_custom_47025d36\"><span class=\"w-text-h\"><span class=\"w-text-value\">Terrassa a peu de platja amb els seus pros<br \/>\ni els seus contres<\/span><\/span><\/h2><\/div><\/div><\/div><div class=\"vc_col-sm-6 wpb_column vc_column_container\"><div class=\"vc_column-inner\"><div class=\"wpb_wrapper\"><div class=\"wpb_text_column us_custom_35d02291\"><div class=\"wpb_wrapper\"><p>All\u00f2 que va comen\u00e7ar sent un petit quiosc a peu de platja es va convertir en uns anys en un restaurant de refer\u00e8ncia a la Praia de Luz de Portugal. Aix\u00ed, el restaurant Para\u00edso havia de fer gala del seu nom i oferir als clients un entorn confortable: protegir-los de les r\u00e0fegues de vent, sorra i salnitre a l&#8217;estiu i anar m\u00e9s enll\u00e0 de la temporada estival. Para\u00edso volia ser un restaurant obert al mar del qual gaudir en qualsevol \u00e8poca de l&#8217;any.<\/p>\n<\/div><\/div><\/div><\/div><\/div><\/div><\/div><\/section><section class=\"l-section wpb_row us_custom_c70c97eb height_auto\"><div class=\"l-section-h i-cf\"><div class=\"g-cols vc_row via_flex valign_top type_default stacking_default\"><div class=\"vc_col-sm-12 wpb_column vc_column_container\"><div class=\"vc_column-inner\"><div class=\"wpb_wrapper\"><div class=\"w-grid-none type_message\">No s'ha trobat cap resultat.<\/div><\/div><\/div><\/div><\/div><\/div><\/section><section class=\"l-section wpb_row height_auto\"><div class=\"l-section-h i-cf\"><div class=\"g-cols vc_row via_flex valign_top type_default stacking_default\"><div class=\"vc_col-sm-6 wpb_column vc_column_container\"><div class=\"vc_column-inner\"><div class=\"wpb_wrapper\"><div class=\"w-text\"><span class=\"w-text-h\"><span class=\"w-text-value\">LA SOLUCI\u00d3 KAUMA<\/span><\/span><\/div><div class=\"w-separator size_medium\"><\/div><h2 class=\"w-text us_custom_47025d36\"><span class=\"w-text-h\"><span class=\"w-text-value\">Quan les vistes s\u00f3n<br \/>\nel millor dels elements.<\/span><\/span><\/h2><\/div><\/div><\/div><div class=\"vc_col-sm-6 wpb_column vc_column_container\"><div class=\"vc_column-inner\"><div class=\"wpb_wrapper\"><div class=\"wpb_text_column us_custom_35d02291\"><div class=\"wpb_wrapper\"><p>Vam instal\u00b7lar sis m\u00f2duls de Nimbo per cobrir una \u00e0rea de 150 m\u00b2 de terrassa oberta al mar. La p\u00e8rgola inclou un volad\u00eds est\u00e8tic i funcional: aquest element addicional crea una protecci\u00f3 d&#8217;ombra addicional, tan agradable quan es conversa al voltant d&#8217;una taula. <\/p>\n<p>L&#8217;edificaci\u00f3 original es troba exenta d&#8217;altres elements arquitect\u00f2nics que la protegeixin de les r\u00e0fegues de vent. Per evitar possibles pandejos de la p\u00e8rgola, hem afegit dos cables d&#8217;acer amb tensor a cadascuna de les bigues que van fixats a l&#8217;estructura de l&#8217;edifici; a m\u00e9s, compleixen una funci\u00f3 est\u00e8tica, recorden les cordes marines dels pesquers de la zona. <\/p>\n<p>En vertical, vam crear una zona de confort amb cortines de cristall en diverses obertures i m\u00faltiples zones de parking. Sense perfileria vertical, potenciem la visi\u00f3 panor\u00e0mica de l&#8217;espai que ara es pot utilitzar durant tot l&#8217;any.<\/p>\n<\/div><\/div><\/div><\/div><\/div><\/div><\/div><\/section>\n","protected":false},"excerpt":{"rendered":"<p>Terrassa bioclim\u00e0tica oberta al mar per seure a taula tant a l&#8217;estiu com a l&#8217;hivern.<\/p>\n","protected":false},"featured_media":22042,"template":"","meta":{"_acf_changed":false},"categoria-casos-de-estudio":[39],"class_list":["post-33593","caso-de-estudio","type-caso-de-estudio","status-publish","has-post-thumbnail","hentry","categoria-casos-de-estudio-comercial"],"acf":[],"_links":{"self":[{"href":"https:\/\/kauma.es\/ca\/wp-json\/wp\/v2\/caso-de-estudio\/33593","targetHints":{"allow":["GET"]}}],"collection":[{"href":"https:\/\/kauma.es\/ca\/wp-json\/wp\/v2\/caso-de-estudio"}],"about":[{"href":"https:\/\/kauma.es\/ca\/wp-json\/wp\/v2\/types\/caso-de-estudio"}],"wp:featuredmedia":[{"embeddable":true,"href":"https:\/\/kauma.es\/ca\/wp-json\/wp\/v2\/media\/22042"}],"wp:attachment":[{"href":"https:\/\/kauma.es\/ca\/wp-json\/wp\/v2\/media?parent=33593"}],"wp:term":[{"taxonomy":"categoria-casos-de-estudio","embeddable":true,"href":"https:\/\/kauma.es\/ca\/wp-json\/wp\/v2\/categoria-casos-de-estudio?post=33593"}],"curies":[{"name":"wp","href":"https:\/\/api.w.org\/{rel}","templated":true}]}}

Restaurant Paraíso

<section class="l-section wpb_row height_auto"><div class="l-section-h i-cf"><div class="g-cols vc_row via_flex valign_top type_default stacking_default"><div class="vc_col-sm-6 wpb_column vc_column_container"><div class="vc_column-inner"><div class="wpb_wrapper"><div class="w-text"><span class="w-text-h"><span class="w-text-value">EL REPTE</span></span></div><div class="w-separator size_medium"></div><h2 class="w-text us_custom_47025d36"><span class="w-text-h"><span class="w-text-value">Terrassa a peu de platja amb els seus pros<br />
i els seus contres</span></span></h2></div></div></div><div class="vc_col-sm-6 wpb_column vc_column_container"><div class="vc_column-inner"><div class="wpb_wrapper"><div class="wpb_text_column us_custom_35d02291"><div class="wpb_wrapper"><p>Allò que va començar sent un petit quiosc a peu de platja es va convertir en uns anys en un restaurant de referència a la Praia de Luz de Portugal. Així, el restaurant Paraíso havia de fer gala del seu nom i oferir als clients un entorn confortable: protegir-los de les ràfegues de vent, sorra i salnitre a l&#8217;estiu i anar més enllà de la temporada estival. Paraíso volia ser un restaurant obert al mar del qual gaudir en qualsevol època de l&#8217;any.</p>
</div></div></div></div></div></div></div></section><section class="l-section wpb_row us_custom_c70c97eb height_auto"><div class="l-section-h i-cf"><div class="g-cols vc_row via_flex valign_top type_default stacking_default"><div class="vc_col-sm-12 wpb_column vc_column_container"><div class="vc_column-inner"><div class="wpb_wrapper"><div class="w-grid-none type_message">No s'ha trobat cap resultat.</div></div></div></div></div></div></section><section class="l-section wpb_row height_auto"><div class="l-section-h i-cf"><div class="g-cols vc_row via_flex valign_top type_default stacking_default"><div class="vc_col-sm-6 wpb_column vc_column_container"><div class="vc_column-inner"><div class="wpb_wrapper"><div class="w-text"><span class="w-text-h"><span class="w-text-value">LA SOLUCIÓ KAUMA</span></span></div><div class="w-separator size_medium"></div><h2 class="w-text us_custom_47025d36"><span class="w-text-h"><span class="w-text-value">Quan les vistes són<br />
el millor dels elements.</span></span></h2></div></div></div><div class="vc_col-sm-6 wpb_column vc_column_container"><div class="vc_column-inner"><div class="wpb_wrapper"><div class="wpb_text_column us_custom_35d02291"><div class="wpb_wrapper"><p>Vam instal·lar sis mòduls de Nimbo per cobrir una àrea de 150 m² de terrassa oberta al mar. La pèrgola inclou un voladís estètic i funcional: aquest element addicional crea una protecció d&#8217;ombra addicional, tan agradable quan es conversa al voltant d&#8217;una taula. </p>
<p>L&#8217;edificació original es troba exenta d&#8217;altres elements arquitectònics que la protegeixin de les ràfegues de vent. Per evitar possibles pandejos de la pèrgola, hem afegit dos cables d&#8217;acer amb tensor a cadascuna de les bigues que van fixats a l&#8217;estructura de l&#8217;edifici; a més, compleixen una funció estètica, recorden les cordes marines dels pesquers de la zona. </p>
<p>En vertical, vam crear una zona de confort amb cortines de cristall en diverses obertures i múltiples zones de parking. Sense perfileria vertical, potenciem la visió panoràmica de l&#8217;espai que ara es pot utilitzar durant tot l&#8217;any.</p>
</div></div></div></div></div></div></div></section>

<p>Terrassa bioclimàtica oberta al mar per seure a taula tant a l&#8217;estiu com a l&#8217;hivern.</p>
