{"id":33594,"date":"2024-07-29T14:24:11","date_gmt":"2024-07-29T12:24:11","guid":{"rendered":"https:\/\/kauma.es\/caso-de-estudio\/residencia-francisco-sanchez\/"},"modified":"2026-04-23T16:48:40","modified_gmt":"2026-04-23T14:48:40","slug":"residencia-francisco-sanchez","status":"publish","type":"caso-de-estudio","link":"https:\/\/kauma.es\/ca\/caso-de-estudio\/residencia-francisco-sanchez\/","title":{"rendered":"Resid\u00e8ncia Francisco S\u00e1nchez"},"content":{"rendered":"<section class=\"l-section wpb_row height_auto\"><div class=\"l-section-h i-cf\"><div class=\"g-cols vc_row via_flex valign_top type_default stacking_default\"><div class=\"vc_col-sm-6 wpb_column vc_column_container\"><div class=\"vc_column-inner\"><div class=\"wpb_wrapper\"><div class=\"w-text\"><span class=\"w-text-h\"><span class=\"w-text-value\">EL REPTE<\/span><\/span><\/div><div class=\"w-separator size_medium\"><\/div><h2 class=\"w-text us_custom_8ff44f21\"><span class=\"w-text-h\"><span class=\"w-text-value\">La terrassa de Francisco S\u00e1nchez, aut\u00e8ntic concepte open air.<\/span><\/span><\/h2><\/div><\/div><\/div><div class=\"vc_col-sm-6 wpb_column vc_column_container\"><div class=\"vc_column-inner\"><div class=\"wpb_wrapper\"><div class=\"wpb_text_column us_custom_35d02291\"><div class=\"wpb_wrapper\"><p>Convertir la terrassa en un espai confortable i habitable per a totes les edats. Francisco S\u00e1nchez volia veure jugar els seus petits a l&#8217;exterior fent de la terrassa un \u00e0rea agradable per a tota la fam\u00edlia. Mentre els nens juguen, els adults es relaxen amb la tranquil\u00b7litat de viure protegits. L&#8217;espai havia de ser vers\u00e0til i segur pels m\u00e9s petits de la casa.<\/p>\n<\/div><\/div><\/div><\/div><\/div><\/div><\/div><\/section><section class=\"l-section wpb_row us_custom_c70c97eb height_auto\"><div class=\"l-section-h i-cf\"><div class=\"g-cols vc_row via_flex valign_top type_default stacking_default\"><div class=\"vc_col-sm-12 wpb_column vc_column_container\"><div class=\"vc_column-inner\"><div class=\"wpb_wrapper\"><div class=\"w-grid-none type_message\">No s'ha trobat cap resultat.<\/div><\/div><\/div><\/div><\/div><\/div><\/section><section class=\"l-section wpb_row height_auto\"><div class=\"l-section-h i-cf\"><div class=\"g-cols vc_row via_flex valign_top type_default stacking_default\"><div class=\"vc_col-sm-6 wpb_column vc_column_container\"><div class=\"vc_column-inner\"><div class=\"wpb_wrapper\"><div class=\"w-text\"><span class=\"w-text-h\"><span class=\"w-text-value\">LA SOLUCI\u00d3 KAUMA<\/span><\/span><\/div><div class=\"w-separator size_medium\"><\/div><h2 class=\"w-text us_custom_47025d36\"><span class=\"w-text-h\"><span class=\"w-text-value\">Aqu\u00ed tota la fam\u00edlia&lt;br&gt;troba la seva zona de confort.<\/span><\/span><\/h2><\/div><\/div><\/div><div class=\"vc_col-sm-6 wpb_column vc_column_container\"><div class=\"vc_column-inner\"><div class=\"wpb_wrapper\"><div class=\"wpb_text_column us_custom_35d02291\"><div class=\"wpb_wrapper\"><p>La resposta a les necessitats de Francisco S\u00e1nchez porta nom propi: la p\u00e8rgola bioclim\u00e0tica Nimbo. L&#8217;\u00e0rea a cobrir requeria dos m\u00f2duls de Nimbo. Per tant, per mantenir l&#8217;equilibri visual, vam ubicar dos pilars centrats amb la porta d&#8217;entrada. Aix\u00ed assegur\u00e0rem harmonia est\u00e8tica amb l&#8217;entorn i una visi\u00f3 sense obstacles.   <\/p>\n<p>Les l\u00e0mines orientables atorguen versatilitat a l&#8217;espai: regulen la llum i la temperatura segons el clima. A m\u00e9s, Francisco S\u00e1nchez es va decantar per un sistema de sensors de pluja per despr\u00e9ocupar-se de precipitacions imprevistes i seguir gaudint de l&#8217;aire lliure.<\/p>\n<\/div><\/div><\/div><\/div><\/div><\/div><\/div><\/section>\n","protected":false},"excerpt":{"rendered":"<p>Un ambient per a cada<br \/>\nmembre de la fam\u00edlia sota la<br \/>\np\u00e8rgola Nimbo.<\/p>\n","protected":false},"featured_media":22030,"template":"","meta":{"_acf_changed":false},"categoria-casos-de-estudio":[40],"class_list":["post-33594","caso-de-estudio","type-caso-de-estudio","status-publish","has-post-thumbnail","hentry","categoria-casos-de-estudio-residencial"],"acf":[],"_links":{"self":[{"href":"https:\/\/kauma.es\/ca\/wp-json\/wp\/v2\/caso-de-estudio\/33594","targetHints":{"allow":["GET"]}}],"collection":[{"href":"https:\/\/kauma.es\/ca\/wp-json\/wp\/v2\/caso-de-estudio"}],"about":[{"href":"https:\/\/kauma.es\/ca\/wp-json\/wp\/v2\/types\/caso-de-estudio"}],"wp:featuredmedia":[{"embeddable":true,"href":"https:\/\/kauma.es\/ca\/wp-json\/wp\/v2\/media\/22030"}],"wp:attachment":[{"href":"https:\/\/kauma.es\/ca\/wp-json\/wp\/v2\/media?parent=33594"}],"wp:term":[{"taxonomy":"categoria-casos-de-estudio","embeddable":true,"href":"https:\/\/kauma.es\/ca\/wp-json\/wp\/v2\/categoria-casos-de-estudio?post=33594"}],"curies":[{"name":"wp","href":"https:\/\/api.w.org\/{rel}","templated":true}]}}

Residència Francisco Sánchez

<section class="l-section wpb_row height_auto"><div class="l-section-h i-cf"><div class="g-cols vc_row via_flex valign_top type_default stacking_default"><div class="vc_col-sm-6 wpb_column vc_column_container"><div class="vc_column-inner"><div class="wpb_wrapper"><div class="w-text"><span class="w-text-h"><span class="w-text-value">EL REPTE</span></span></div><div class="w-separator size_medium"></div><h2 class="w-text us_custom_8ff44f21"><span class="w-text-h"><span class="w-text-value">La terrassa de Francisco Sánchez, autèntic concepte open air.</span></span></h2></div></div></div><div class="vc_col-sm-6 wpb_column vc_column_container"><div class="vc_column-inner"><div class="wpb_wrapper"><div class="wpb_text_column us_custom_35d02291"><div class="wpb_wrapper"><p>Convertir la terrassa en un espai confortable i habitable per a totes les edats. Francisco Sánchez volia veure jugar els seus petits a l&#8217;exterior fent de la terrassa un àrea agradable per a tota la família. Mentre els nens juguen, els adults es relaxen amb la tranquil·litat de viure protegits. L&#8217;espai havia de ser versàtil i segur pels més petits de la casa.</p>
</div></div></div></div></div></div></div></section><section class="l-section wpb_row us_custom_c70c97eb height_auto"><div class="l-section-h i-cf"><div class="g-cols vc_row via_flex valign_top type_default stacking_default"><div class="vc_col-sm-12 wpb_column vc_column_container"><div class="vc_column-inner"><div class="wpb_wrapper"><div class="w-grid-none type_message">No s'ha trobat cap resultat.</div></div></div></div></div></div></section><section class="l-section wpb_row height_auto"><div class="l-section-h i-cf"><div class="g-cols vc_row via_flex valign_top type_default stacking_default"><div class="vc_col-sm-6 wpb_column vc_column_container"><div class="vc_column-inner"><div class="wpb_wrapper"><div class="w-text"><span class="w-text-h"><span class="w-text-value">LA SOLUCIÓ KAUMA</span></span></div><div class="w-separator size_medium"></div><h2 class="w-text us_custom_47025d36"><span class="w-text-h"><span class="w-text-value">Aquí tota la família&lt;br&gt;troba la seva zona de confort.</span></span></h2></div></div></div><div class="vc_col-sm-6 wpb_column vc_column_container"><div class="vc_column-inner"><div class="wpb_wrapper"><div class="wpb_text_column us_custom_35d02291"><div class="wpb_wrapper"><p>La resposta a les necessitats de Francisco Sánchez porta nom propi: la pèrgola bioclimàtica Nimbo. L&#8217;àrea a cobrir requeria dos mòduls de Nimbo. Per tant, per mantenir l&#8217;equilibri visual, vam ubicar dos pilars centrats amb la porta d&#8217;entrada. Així asseguràrem harmonia estètica amb l&#8217;entorn i una visió sense obstacles.   </p>
<p>Les làmines orientables atorguen versatilitat a l&#8217;espai: regulen la llum i la temperatura segons el clima. A més, Francisco Sánchez es va decantar per un sistema de sensors de pluja per despréocupar-se de precipitacions imprevistes i seguir gaudint de l&#8217;aire lliure.</p>
</div></div></div></div></div></div></div></section>

<p>Un ambient per a cada<br />
membre de la família sota la<br />
pèrgola Nimbo.</p>
