{"id":33596,"date":"2024-07-29T14:23:51","date_gmt":"2024-07-29T12:23:51","guid":{"rendered":"https:\/\/kauma.es\/caso-de-estudio\/mcdonalds-alberto-alcocer\/"},"modified":"2026-04-23T16:58:30","modified_gmt":"2026-04-23T14:58:30","slug":"mcdonalds-alberto-alcocer","status":"publish","type":"caso-de-estudio","link":"https:\/\/kauma.es\/ca\/caso-de-estudio\/mcdonalds-alberto-alcocer\/","title":{"rendered":"McDonald\u2019s Alberto Alcocer"},"content":{"rendered":"<section class=\"l-section wpb_row height_auto\"><div class=\"l-section-h i-cf\"><div class=\"g-cols vc_row via_flex valign_top type_default stacking_default\"><div class=\"vc_col-sm-6 wpb_column vc_column_container\"><div class=\"vc_column-inner\"><div class=\"wpb_wrapper\"><div class=\"w-text\"><span class=\"w-text-h\"><span class=\"w-text-value\">EL REPTE<\/span><\/span><\/div><div class=\"w-separator size_medium\"><\/div><h2 class=\"w-text us_custom_47025d36\"><span class=\"w-text-h\"><span class=\"w-text-value\">Maximitza el sal\u00f3&lt;br&gt;i aprofita l&#039;exterior.<\/span><\/span><\/h2><\/div><\/div><\/div><div class=\"vc_col-sm-6 wpb_column vc_column_container\"><div class=\"vc_column-inner\"><div class=\"wpb_wrapper\"><div class=\"wpb_text_column us_custom_35d02291\"><div class=\"wpb_wrapper\"><p>L&#8217;espai per al sal\u00f3 del McDonald\u2019s de l&#8217;Avinguda Alberto Alcocer era massa petit. El local comptava amb una zona exterior \u00e0mplia i oberta a l&#8217;avinguda, per\u00f2 amb dos problemes: les inclem\u00e8ncies del temps i la contaminaci\u00f3 (ac\u00fastica i atmosf\u00e8rica) pr\u00f2pia d&#8217;unes de les voreres m\u00e9s transitades de Madrid. El repte: reconvertir l&#8217;espai exterior en un sal\u00f3 c\u00f2mode i protegit per als clients i ocupar l&#8217;espai m\u00ednim.<\/p>\n<\/div><\/div><\/div><\/div><\/div><\/div><\/div><\/section><section class=\"l-section wpb_row us_custom_c70c97eb height_auto\"><div class=\"l-section-h i-cf\"><div class=\"g-cols vc_row via_flex valign_top type_default stacking_default\"><div class=\"vc_col-sm-12 wpb_column vc_column_container\"><div class=\"vc_column-inner\"><div class=\"wpb_wrapper\"><div class=\"w-grid-none type_message\">No s'ha trobat cap resultat.<\/div><\/div><\/div><\/div><\/div><\/div><\/section><section class=\"l-section wpb_row height_auto\"><div class=\"l-section-h i-cf\"><div class=\"g-cols vc_row via_flex valign_top type_default stacking_default\"><div class=\"vc_col-sm-6 wpb_column vc_column_container\"><div class=\"vc_column-inner\"><div class=\"wpb_wrapper\"><div class=\"w-text\"><span class=\"w-text-h\"><span class=\"w-text-value\">LA SOLUCI\u00d3 KAUMA<\/span><\/span><\/div><div class=\"w-separator size_medium\"><\/div><h2 class=\"w-text us_custom_47025d36\"><span class=\"w-text-h\"><span class=\"w-text-value\">Optimintzant cada rac\u00f3&lt;br&gt;de l&#039;arquitectura original.<\/span><\/span><\/h2><\/div><\/div><\/div><div class=\"vc_col-sm-6 wpb_column vc_column_container\"><div class=\"vc_column-inner\"><div class=\"wpb_wrapper\"><div class=\"wpb_text_column us_custom_35d02291\"><div class=\"wpb_wrapper\"><p>Els restaurants han de combinar la comoditat dels clients amb l&#8217;aprofitament \u00f2ptim de l&#8217;espai d&#8217;hostaleria. Per a aix\u00f2, Kauma va crear un sistema de tancament amb Gravital 400. Sense guies inferiors, permet l&#8217;acc\u00e9s a persones amb mobilitat redu\u00efda, aix\u00ed com l&#8217;abs\u00e8ncia de manteniment, ja que no t\u00e9 guia al s\u00f2l que calgui netejar, sent m\u00e9s complicat en una activitat de restauraci\u00f3.  <\/p>\n<p>Com l&#8217;\u00e0rea a protegir tenia forma de triangle, es va idear un peculiar aparcament oblic per aprofitar els v\u00e8rtexs de l&#8217;angle triangular. Aquest m\u00ednim espai per al sistema es tradueix en m\u00e9s metres quadrats per ubicar els clients. A m\u00e9s, un dels panells \u00e9s una porta d&#8217;acc\u00e9s a una \u00e0rea totalment exterior de recreaci\u00f3 infantil.  <\/p>\n<p>McDonald\u2019s Alberto Alcocer ofereix ara un sal\u00f3 a cel obert al combinar el tancament Gravital 400 amb un sostre m\u00f2bil de policarbonat cel\u00b7lular.<\/p>\n<\/div><\/div><\/div><\/div><\/div><\/div><\/div><\/section>\n","protected":false},"excerpt":{"rendered":"<p>Multiplica el sal\u00f3<br \/>\nocupant el m\u00ednim espai amb Gravital 400.<\/p>\n","protected":false},"featured_media":21998,"template":"","meta":{"_acf_changed":false},"categoria-casos-de-estudio":[39],"class_list":["post-33596","caso-de-estudio","type-caso-de-estudio","status-publish","has-post-thumbnail","hentry","categoria-casos-de-estudio-comercial"],"acf":[],"_links":{"self":[{"href":"https:\/\/kauma.es\/ca\/wp-json\/wp\/v2\/caso-de-estudio\/33596","targetHints":{"allow":["GET"]}}],"collection":[{"href":"https:\/\/kauma.es\/ca\/wp-json\/wp\/v2\/caso-de-estudio"}],"about":[{"href":"https:\/\/kauma.es\/ca\/wp-json\/wp\/v2\/types\/caso-de-estudio"}],"wp:featuredmedia":[{"embeddable":true,"href":"https:\/\/kauma.es\/ca\/wp-json\/wp\/v2\/media\/21998"}],"wp:attachment":[{"href":"https:\/\/kauma.es\/ca\/wp-json\/wp\/v2\/media?parent=33596"}],"wp:term":[{"taxonomy":"categoria-casos-de-estudio","embeddable":true,"href":"https:\/\/kauma.es\/ca\/wp-json\/wp\/v2\/categoria-casos-de-estudio?post=33596"}],"curies":[{"name":"wp","href":"https:\/\/api.w.org\/{rel}","templated":true}]}}

<section class="l-section wpb_row height_auto"><div class="l-section-h i-cf"><div class="g-cols vc_row via_flex valign_top type_default stacking_default"><div class="vc_col-sm-6 wpb_column vc_column_container"><div class="vc_column-inner"><div class="wpb_wrapper"><div class="w-text"><span class="w-text-h"><span class="w-text-value">EL REPTE</span></span></div><div class="w-separator size_medium"></div><h2 class="w-text us_custom_47025d36"><span class="w-text-h"><span class="w-text-value">Maximitza el saló&lt;br&gt;i aprofita l&#039;exterior.</span></span></h2></div></div></div><div class="vc_col-sm-6 wpb_column vc_column_container"><div class="vc_column-inner"><div class="wpb_wrapper"><div class="wpb_text_column us_custom_35d02291"><div class="wpb_wrapper"><p>L&#8217;espai per al saló del McDonald’s de l&#8217;Avinguda Alberto Alcocer era massa petit. El local comptava amb una zona exterior àmplia i oberta a l&#8217;avinguda, però amb dos problemes: les inclemències del temps i la contaminació (acústica i atmosfèrica) pròpia d&#8217;unes de les voreres més transitades de Madrid. El repte: reconvertir l&#8217;espai exterior en un saló còmode i protegit per als clients i ocupar l&#8217;espai mínim.</p>
</div></div></div></div></div></div></div></section><section class="l-section wpb_row us_custom_c70c97eb height_auto"><div class="l-section-h i-cf"><div class="g-cols vc_row via_flex valign_top type_default stacking_default"><div class="vc_col-sm-12 wpb_column vc_column_container"><div class="vc_column-inner"><div class="wpb_wrapper"><div class="w-grid-none type_message">No s'ha trobat cap resultat.</div></div></div></div></div></div></section><section class="l-section wpb_row height_auto"><div class="l-section-h i-cf"><div class="g-cols vc_row via_flex valign_top type_default stacking_default"><div class="vc_col-sm-6 wpb_column vc_column_container"><div class="vc_column-inner"><div class="wpb_wrapper"><div class="w-text"><span class="w-text-h"><span class="w-text-value">LA SOLUCIÓ KAUMA</span></span></div><div class="w-separator size_medium"></div><h2 class="w-text us_custom_47025d36"><span class="w-text-h"><span class="w-text-value">Optimintzant cada racó&lt;br&gt;de l&#039;arquitectura original.</span></span></h2></div></div></div><div class="vc_col-sm-6 wpb_column vc_column_container"><div class="vc_column-inner"><div class="wpb_wrapper"><div class="wpb_text_column us_custom_35d02291"><div class="wpb_wrapper"><p>Els restaurants han de combinar la comoditat dels clients amb l&#8217;aprofitament òptim de l&#8217;espai d&#8217;hostaleria. Per a això, Kauma va crear un sistema de tancament amb Gravital 400. Sense guies inferiors, permet l&#8217;accés a persones amb mobilitat reduïda, així com l&#8217;absència de manteniment, ja que no té guia al sòl que calgui netejar, sent més complicat en una activitat de restauració.  </p>
<p>Com l&#8217;àrea a protegir tenia forma de triangle, es va idear un peculiar aparcament oblic per aprofitar els vèrtexs de l&#8217;angle triangular. Aquest mínim espai per al sistema es tradueix en més metres quadrats per ubicar els clients. A més, un dels panells és una porta d&#8217;accés a una àrea totalment exterior de recreació infantil.  </p>
<p>McDonald’s Alberto Alcocer ofereix ara un saló a cel obert al combinar el tancament Gravital 400 amb un sostre mòbil de policarbonat cel·lular.</p>
</div></div></div></div></div></div></div></section>

<p>Multiplica el saló<br />
ocupant el mínim espai amb Gravital 400.</p>
