{"id":33598,"date":"2024-07-29T14:23:19","date_gmt":"2024-07-29T12:23:19","guid":{"rendered":"https:\/\/kauma.es\/caso-de-estudio\/la-cortina-de-cristall-mes-aillant-per-a-la-confiteria-amb-mes-solera-de-sevilla\/"},"modified":"2026-04-23T17:04:39","modified_gmt":"2026-04-23T15:04:39","slug":"la-cortina-de-cristall-mes-aillant-per-a-la-confiteria-amb-mes-solera-de-sevilla","status":"publish","type":"caso-de-estudio","link":"https:\/\/kauma.es\/ca\/caso-de-estudio\/la-cortina-de-cristall-mes-aillant-per-a-la-confiteria-amb-mes-solera-de-sevilla\/","title":{"rendered":"La cortina de cristall m\u00e9s a\u00efl\u00b7lant per a la confiter\u00eda amb m\u00e9s solera de Sevilla."},"content":{"rendered":"<section class=\"l-section wpb_row height_auto\"><div class=\"l-section-h i-cf\"><div class=\"g-cols vc_row via_flex valign_top type_default stacking_default\"><div class=\"vc_col-sm-6 wpb_column vc_column_container\"><div class=\"vc_column-inner\"><div class=\"wpb_wrapper\"><div class=\"w-text\"><span class=\"w-text-h\"><span class=\"w-text-value\">EL REPTE<\/span><\/span><\/div><div class=\"w-separator size_medium\"><\/div><h3 class=\"w-text us_custom_47025d36\"><span class=\"w-text-h\"><span class=\"w-text-value\">Actualitzar un local vers\u00e0til&lt;br&gt;en un entorn protegit.<\/span><\/span><\/h3><\/div><\/div><\/div><div class=\"vc_col-sm-6 wpb_column vc_column_container\"><div class=\"vc_column-inner\"><div class=\"wpb_wrapper\"><div class=\"wpb_text_column us_custom_35d02291\"><div class=\"wpb_wrapper\"><p>La Confiter\u00eda amb major solera i tradici\u00f3 de Sevilla, La Campana, obria un nou local al centre de Sevilla. Just en un entorn urban\u00edstic protegit per la seva proximitat amb la Catedral de Sevilla, Kauma s&#8217;enfrontava al repte d&#8217;aconseguir multiplicar l&#8217;espai interior diluint barreres visuals i, alhora, sent respectuosos amb l&#8217;arquitectura. Calia portar al segle XXI l&#8217;ess\u00e8ncia d&#8217;una confiteria amb prop de 140 anys d&#8217;hist\u00f2ria. El vidre ja era el gran protagonista del local, amb grans mostradors per real\u00e7ar els dol\u00e7os m\u00e9s cuidats. I el cristall havia de seguir sent el leitmotiv a l&#8217;hora de crear un espai sense barreres, que introdueixi la terrassa exterior al sal\u00f3 interior i generi un espai sense barreres visuals.<\/p>\n<\/div><\/div><\/div><\/div><\/div><\/div><\/div><\/section><section class=\"l-section wpb_row us_custom_c70c97eb height_auto\"><div class=\"l-section-h i-cf\"><div class=\"g-cols vc_row via_flex valign_top type_default stacking_default\"><div class=\"vc_col-sm-12 wpb_column vc_column_container\"><div class=\"vc_column-inner\"><div class=\"wpb_wrapper\"><div class=\"w-grid-none type_message\">No s'ha trobat cap resultat.<\/div><\/div><\/div><\/div><\/div><\/div><\/section><section class=\"l-section wpb_row height_auto\"><div class=\"l-section-h i-cf\"><div class=\"g-cols vc_row via_flex valign_top type_default stacking_default\"><div class=\"vc_col-sm-6 wpb_column vc_column_container\"><div class=\"vc_column-inner\"><div class=\"wpb_wrapper\"><div class=\"w-text\"><span class=\"w-text-h\"><span class=\"w-text-value\">LA SOLUCI\u00d3 KAUMA<\/span><\/span><\/div><div class=\"w-separator size_medium\"><\/div><h3 class=\"w-text us_custom_6d40c2df\"><span class=\"w-text-h\"><span class=\"w-text-value\">A\u00efllament t\u00e8rmic i&lt;br&gt;colors respectuosos.<\/span><\/span><\/h3><\/div><\/div><\/div><div class=\"vc_col-sm-6 wpb_column vc_column_container\"><div class=\"vc_column-inner\"><div class=\"wpb_wrapper\"><div class=\"wpb_text_column us_custom_35d02291\"><div class=\"wpb_wrapper\"><p>Tot i que inicialment la propietat pensava en la cortina de cristall tradicional, Pivotal 250, despr\u00e9s d&#8217;estudiar les seves necessitats, vam oferir la soluci\u00f3 Pivotal 350. La idea era comptar amb el major a\u00efllament possible a l&#8217;interior quan la cortina estigu\u00e9s tancada. Pivotal 350, la cortina de cristall amb a\u00efllament t\u00e8rmic, proporciona l&#8217;a\u00efllament front al fred i les altes temperatures de Sevilla gr\u00e0cies al seu doble acristalament.  <\/p>\n<p>Aquestes caracter\u00edstiques fan de Pivotal 350 la perfecta cortina de cristall a Sevilla: a l&#8217;hivern, el seu vidre de c\u00e0mera a\u00eflla del fred i \u00e9s la cortina de cristall m\u00e9s estanca del mercat front a la pluja. A l&#8217;estiu, mant\u00e9 a l&#8217;interior la frescor de l&#8217;aire condicionat i deixa fora les altes temperatures de l&#8217;exterior. I en entresemana, permet una obertura completa del sistema, com una cortina de cristall convencional, fent de l&#8217;interior i l&#8217;exterior un sol espai.  <\/p>\n<p>Com a detall addicional, vam lacar la perfileria en un to xampany, un Ral especial mat de la nostra extensa carta de colors. Aquest to va en conson\u00e0ncia amb l&#8217;entorn i amb l&#8217;est\u00e8tica vangardista-tradicional que impr\u00e8n l&#8217;ess\u00e8ncia d&#8217;aquesta confiteria centen\u00e0ria.<\/p>\n<\/div><\/div><\/div><\/div><\/div><\/div><\/div><\/section>\n","protected":false},"excerpt":{"rendered":"<p>Tradici\u00f3 i vangarda<br \/>\nConfiteria oberta als nous temps.<\/p>\n","protected":false},"featured_media":19894,"template":"","meta":{"_acf_changed":false},"categoria-casos-de-estudio":[39],"class_list":["post-33598","caso-de-estudio","type-caso-de-estudio","status-publish","has-post-thumbnail","hentry","categoria-casos-de-estudio-comercial"],"acf":[],"_links":{"self":[{"href":"https:\/\/kauma.es\/ca\/wp-json\/wp\/v2\/caso-de-estudio\/33598","targetHints":{"allow":["GET"]}}],"collection":[{"href":"https:\/\/kauma.es\/ca\/wp-json\/wp\/v2\/caso-de-estudio"}],"about":[{"href":"https:\/\/kauma.es\/ca\/wp-json\/wp\/v2\/types\/caso-de-estudio"}],"wp:featuredmedia":[{"embeddable":true,"href":"https:\/\/kauma.es\/ca\/wp-json\/wp\/v2\/media\/19894"}],"wp:attachment":[{"href":"https:\/\/kauma.es\/ca\/wp-json\/wp\/v2\/media?parent=33598"}],"wp:term":[{"taxonomy":"categoria-casos-de-estudio","embeddable":true,"href":"https:\/\/kauma.es\/ca\/wp-json\/wp\/v2\/categoria-casos-de-estudio?post=33598"}],"curies":[{"name":"wp","href":"https:\/\/api.w.org\/{rel}","templated":true}]}}

La cortina de cristall més aïl·lant per a la confitería amb més solera de Sevilla.

<section class="l-section wpb_row height_auto"><div class="l-section-h i-cf"><div class="g-cols vc_row via_flex valign_top type_default stacking_default"><div class="vc_col-sm-6 wpb_column vc_column_container"><div class="vc_column-inner"><div class="wpb_wrapper"><div class="w-text"><span class="w-text-h"><span class="w-text-value">EL REPTE</span></span></div><div class="w-separator size_medium"></div><h3 class="w-text us_custom_47025d36"><span class="w-text-h"><span class="w-text-value">Actualitzar un local versàtil&lt;br&gt;en un entorn protegit.</span></span></h3></div></div></div><div class="vc_col-sm-6 wpb_column vc_column_container"><div class="vc_column-inner"><div class="wpb_wrapper"><div class="wpb_text_column us_custom_35d02291"><div class="wpb_wrapper"><p>La Confitería amb major solera i tradició de Sevilla, La Campana, obria un nou local al centre de Sevilla. Just en un entorn urbanístic protegit per la seva proximitat amb la Catedral de Sevilla, Kauma s&#8217;enfrontava al repte d&#8217;aconseguir multiplicar l&#8217;espai interior diluint barreres visuals i, alhora, sent respectuosos amb l&#8217;arquitectura. Calia portar al segle XXI l&#8217;essència d&#8217;una confiteria amb prop de 140 anys d&#8217;història. El vidre ja era el gran protagonista del local, amb grans mostradors per realçar els dolços més cuidats. I el cristall havia de seguir sent el leitmotiv a l&#8217;hora de crear un espai sense barreres, que introdueixi la terrassa exterior al saló interior i generi un espai sense barreres visuals.</p>
</div></div></div></div></div></div></div></section><section class="l-section wpb_row us_custom_c70c97eb height_auto"><div class="l-section-h i-cf"><div class="g-cols vc_row via_flex valign_top type_default stacking_default"><div class="vc_col-sm-12 wpb_column vc_column_container"><div class="vc_column-inner"><div class="wpb_wrapper"><div class="w-grid-none type_message">No s'ha trobat cap resultat.</div></div></div></div></div></div></section><section class="l-section wpb_row height_auto"><div class="l-section-h i-cf"><div class="g-cols vc_row via_flex valign_top type_default stacking_default"><div class="vc_col-sm-6 wpb_column vc_column_container"><div class="vc_column-inner"><div class="wpb_wrapper"><div class="w-text"><span class="w-text-h"><span class="w-text-value">LA SOLUCIÓ KAUMA</span></span></div><div class="w-separator size_medium"></div><h3 class="w-text us_custom_6d40c2df"><span class="w-text-h"><span class="w-text-value">Aïllament tèrmic i&lt;br&gt;colors respectuosos.</span></span></h3></div></div></div><div class="vc_col-sm-6 wpb_column vc_column_container"><div class="vc_column-inner"><div class="wpb_wrapper"><div class="wpb_text_column us_custom_35d02291"><div class="wpb_wrapper"><p>Tot i que inicialment la propietat pensava en la cortina de cristall tradicional, Pivotal 250, després d&#8217;estudiar les seves necessitats, vam oferir la solució Pivotal 350. La idea era comptar amb el major aïllament possible a l&#8217;interior quan la cortina estigués tancada. Pivotal 350, la cortina de cristall amb aïllament tèrmic, proporciona l&#8217;aïllament front al fred i les altes temperatures de Sevilla gràcies al seu doble acristalament.  </p>
<p>Aquestes característiques fan de Pivotal 350 la perfecta cortina de cristall a Sevilla: a l&#8217;hivern, el seu vidre de càmera aïlla del fred i és la cortina de cristall més estanca del mercat front a la pluja. A l&#8217;estiu, manté a l&#8217;interior la frescor de l&#8217;aire condicionat i deixa fora les altes temperatures de l&#8217;exterior. I en entresemana, permet una obertura completa del sistema, com una cortina de cristall convencional, fent de l&#8217;interior i l&#8217;exterior un sol espai.  </p>
<p>Com a detall addicional, vam lacar la perfileria en un to xampany, un Ral especial mat de la nostra extensa carta de colors. Aquest to va en consonància amb l&#8217;entorn i amb l&#8217;estètica vangardista-tradicional que imprèn l&#8217;essència d&#8217;aquesta confiteria centenària.</p>
</div></div></div></div></div></div></div></section>

<p>Tradició i vangarda<br />
Confiteria oberta als nous temps.</p>
