{"id":33599,"date":"2024-07-29T14:23:06","date_gmt":"2024-07-29T12:23:06","guid":{"rendered":"https:\/\/kauma.es\/caso-de-estudio\/pergola-amb-cortines-de-cristall-per-al-restaurant-la-medina-de-tetuan\/"},"modified":"2026-04-23T17:07:03","modified_gmt":"2026-04-23T15:07:03","slug":"pergola-amb-cortines-de-cristall-per-al-restaurant-la-medina-de-tetuan","status":"publish","type":"caso-de-estudio","link":"https:\/\/kauma.es\/ca\/caso-de-estudio\/pergola-amb-cortines-de-cristall-per-al-restaurant-la-medina-de-tetuan\/","title":{"rendered":"P\u00e8rgola amb cortines de cristall per al restaurant La Medina de Tetu\u00e1n."},"content":{"rendered":"<section class=\"l-section wpb_row height_auto\"><div class=\"l-section-h i-cf\"><div class=\"g-cols vc_row via_flex valign_middle type_default stacking_default\"><div class=\"vc_col-sm-6 wpb_column vc_column_container\"><div class=\"vc_column-inner\"><div class=\"wpb_wrapper\"><div class=\"w-text\"><span class=\"w-text-h\"><span class=\"w-text-value\">EL REPTE<\/span><\/span><\/div><div class=\"w-separator size_medium\"><\/div><h3 class=\"w-text us_custom_db02874a\"><span class=\"w-text-h\"><span class=\"w-text-value\">Ampliar el sal\u00f3 sense<br \/>\ncrear obstacles.<\/span><\/span><\/h3><\/div><\/div><\/div><div class=\"vc_col-sm-6 wpb_column vc_column_container\"><div class=\"vc_column-inner\"><div class=\"wpb_wrapper\"><div class=\"wpb_text_column us_custom_35d02291\"><div class=\"wpb_wrapper\"><p>La Medina de Tetu\u00e1n \u00e9s un restaurant amb aromes \u00e0rabs i andalusos, on la tradici\u00f3 s&#8217;uneix a la vangarda. Aquest concepte de fusi\u00f3 tradici\u00f3 + vangarda no nom\u00e9s es reflecteix a l&#8217;oferta gastron\u00f2mica, tamb\u00e9 a la decoraci\u00f3 i l&#8217;arquitectura. Prova d&#8217;aix\u00f2 \u00e9s l&#8217;aposta per Kauma a l&#8217;hora de crear un sal\u00f3 menjador ampli. La premissa fonamental era crear un espai completament di\u00e0fan, sense obstacles visuals o que entorpissin la disposici\u00f3 de les taules. I que, a m\u00e9s, serv\u00eds tant a l&#8217;hivern amb r\u00e0fegues de vent fred com a l&#8217;estiu amb les suaus brises marines.<\/p>\n<\/div><\/div><\/div><\/div><\/div><\/div><\/div><\/section><section class=\"l-section wpb_row us_custom_cc3ed102 height_auto width_custom\" style=\"--site-content-width:1200px;\"><div class=\"l-section-h i-cf\"><div class=\"g-cols vc_row via_flex valign_middle type_default stacking_default\"><div class=\"vc_col-sm-12 wpb_column vc_column_container\"><div class=\"vc_column-inner\"><div class=\"wpb_wrapper\"><div class=\"w-grid-none type_message\">No s'ha trobat cap resultat.<\/div><\/div><\/div><\/div><\/div><\/div><\/section><section class=\"l-section wpb_row height_auto\"><div class=\"l-section-h i-cf\"><div class=\"g-cols vc_row via_flex valign_middle type_default stacking_default\"><div class=\"vc_col-sm-6 wpb_column vc_column_container\"><div class=\"vc_column-inner\"><div class=\"wpb_wrapper\"><div class=\"w-text\"><span class=\"w-text-h\"><span class=\"w-text-value\">LA SOLUCI\u00d3 KAUMA<\/span><\/span><\/div><div class=\"w-separator size_medium\"><\/div><h3 class=\"w-text us_custom_c7251f5f\"><span class=\"w-text-h\"><span class=\"w-text-value\">Quatre m\u00f2duls \u00e0mples sense pilars intermedis.<\/span><\/span><\/h3><\/div><\/div><\/div><div class=\"vc_col-sm-6 wpb_column vc_column_container\"><div class=\"vc_column-inner\"><div class=\"wpb_wrapper\"><div class=\"wpb_text_column us_custom_35d02291\"><div class=\"wpb_wrapper\"><p>Per crear els quatre m\u00f2duls \u00e0mpls sense necessitat de comptar amb pilars intermedis, calgu\u00e9 refor\u00e7ar per la part superior les bigues de sortida. Amb aquesta soluci\u00f3, l&#8217;ancoratge a la paret i els pilars perimetrals aconsegu\u00edem una s\u00f2lida estructura sense cap obstacle a l&#8217;interior. La p\u00e8rgola Nimbo es complementava amb il\u00b7luminaci\u00f3 perimetral a cada m\u00f2dul per acompanyar suaument els comensals durant la nit.  <\/p>\n<p>La s\u00f2lida estructura de la p\u00e8rgola bioclim\u00e0tica d&#8217;alumini fa possible que s&#8217;hi puguin penjar cortines de cristall amb la tranquil\u00b7litat que el sistema \u00e9s capa\u00e7 de suportar les c\u00e0rregues. En aquesta ocasi\u00f3, La Medina de Tetu\u00e1n es va decantar pel sistema Gravital 400, la cortina de cristall sense guia a terra. Aquest sistema est\u00e0 especialment indicat per a hostaleria ja que no crea cap tipus d&#8217;obstacle a terra. En aquesta ocasi\u00f3, vam ubicar l&#8217;aparcament als extrems de la p\u00e8rgola Nimbo perqu\u00e8 no interfer\u00eds en la mobilitat del local. A m\u00e9s, vam incorporar una porta integrada, que es recull com una fulla m\u00e9s del sistema, per afavorir l&#8217;acc\u00e9s quan les cortines de cristall estiguin desplegades.<\/p>\n<\/div><\/div><\/div><\/div><\/div><\/div><\/div><\/section>\n","protected":false},"excerpt":{"rendered":"<p>Tancament combinat<br \/>\nM\u00f2dul i donar llibertat.<\/p>\n","protected":false},"featured_media":20318,"template":"","meta":{"_acf_changed":false},"categoria-casos-de-estudio":[39],"class_list":["post-33599","caso-de-estudio","type-caso-de-estudio","status-publish","has-post-thumbnail","hentry","categoria-casos-de-estudio-comercial"],"acf":[],"_links":{"self":[{"href":"https:\/\/kauma.es\/ca\/wp-json\/wp\/v2\/caso-de-estudio\/33599","targetHints":{"allow":["GET"]}}],"collection":[{"href":"https:\/\/kauma.es\/ca\/wp-json\/wp\/v2\/caso-de-estudio"}],"about":[{"href":"https:\/\/kauma.es\/ca\/wp-json\/wp\/v2\/types\/caso-de-estudio"}],"wp:featuredmedia":[{"embeddable":true,"href":"https:\/\/kauma.es\/ca\/wp-json\/wp\/v2\/media\/20318"}],"wp:attachment":[{"href":"https:\/\/kauma.es\/ca\/wp-json\/wp\/v2\/media?parent=33599"}],"wp:term":[{"taxonomy":"categoria-casos-de-estudio","embeddable":true,"href":"https:\/\/kauma.es\/ca\/wp-json\/wp\/v2\/categoria-casos-de-estudio?post=33599"}],"curies":[{"name":"wp","href":"https:\/\/api.w.org\/{rel}","templated":true}]}}

Pèrgola amb cortines de cristall per al restaurant La Medina de Tetuán.

<section class="l-section wpb_row height_auto"><div class="l-section-h i-cf"><div class="g-cols vc_row via_flex valign_middle type_default stacking_default"><div class="vc_col-sm-6 wpb_column vc_column_container"><div class="vc_column-inner"><div class="wpb_wrapper"><div class="w-text"><span class="w-text-h"><span class="w-text-value">EL REPTE</span></span></div><div class="w-separator size_medium"></div><h3 class="w-text us_custom_db02874a"><span class="w-text-h"><span class="w-text-value">Ampliar el saló sense<br />
crear obstacles.</span></span></h3></div></div></div><div class="vc_col-sm-6 wpb_column vc_column_container"><div class="vc_column-inner"><div class="wpb_wrapper"><div class="wpb_text_column us_custom_35d02291"><div class="wpb_wrapper"><p>La Medina de Tetuán és un restaurant amb aromes àrabs i andalusos, on la tradició s&#8217;uneix a la vangarda. Aquest concepte de fusió tradició + vangarda no només es reflecteix a l&#8217;oferta gastronòmica, també a la decoració i l&#8217;arquitectura. Prova d&#8217;això és l&#8217;aposta per Kauma a l&#8217;hora de crear un saló menjador ampli. La premissa fonamental era crear un espai completament diàfan, sense obstacles visuals o que entorpissin la disposició de les taules. I que, a més, servís tant a l&#8217;hivern amb ràfegues de vent fred com a l&#8217;estiu amb les suaus brises marines.</p>
</div></div></div></div></div></div></div></section><section class="l-section wpb_row us_custom_cc3ed102 height_auto width_custom" style="--site-content-width:1200px;"><div class="l-section-h i-cf"><div class="g-cols vc_row via_flex valign_middle type_default stacking_default"><div class="vc_col-sm-12 wpb_column vc_column_container"><div class="vc_column-inner"><div class="wpb_wrapper"><div class="w-grid-none type_message">No s'ha trobat cap resultat.</div></div></div></div></div></div></section><section class="l-section wpb_row height_auto"><div class="l-section-h i-cf"><div class="g-cols vc_row via_flex valign_middle type_default stacking_default"><div class="vc_col-sm-6 wpb_column vc_column_container"><div class="vc_column-inner"><div class="wpb_wrapper"><div class="w-text"><span class="w-text-h"><span class="w-text-value">LA SOLUCIÓ KAUMA</span></span></div><div class="w-separator size_medium"></div><h3 class="w-text us_custom_c7251f5f"><span class="w-text-h"><span class="w-text-value">Quatre mòduls àmples sense pilars intermedis.</span></span></h3></div></div></div><div class="vc_col-sm-6 wpb_column vc_column_container"><div class="vc_column-inner"><div class="wpb_wrapper"><div class="wpb_text_column us_custom_35d02291"><div class="wpb_wrapper"><p>Per crear els quatre mòduls àmpls sense necessitat de comptar amb pilars intermedis, calgué reforçar per la part superior les bigues de sortida. Amb aquesta solució, l&#8217;ancoratge a la paret i els pilars perimetrals aconseguíem una sòlida estructura sense cap obstacle a l&#8217;interior. La pèrgola Nimbo es complementava amb il·luminació perimetral a cada mòdul per acompanyar suaument els comensals durant la nit.  </p>
<p>La sòlida estructura de la pèrgola bioclimàtica d&#8217;alumini fa possible que s&#8217;hi puguin penjar cortines de cristall amb la tranquil·litat que el sistema és capaç de suportar les càrregues. En aquesta ocasió, La Medina de Tetuán es va decantar pel sistema Gravital 400, la cortina de cristall sense guia a terra. Aquest sistema està especialment indicat per a hostaleria ja que no crea cap tipus d&#8217;obstacle a terra. En aquesta ocasió, vam ubicar l&#8217;aparcament als extrems de la pèrgola Nimbo perquè no interferís en la mobilitat del local. A més, vam incorporar una porta integrada, que es recull com una fulla més del sistema, per afavorir l&#8217;accés quan les cortines de cristall estiguin desplegades.</p>
</div></div></div></div></div></div></div></section>

<p>Tancament combinat<br />
Mòdul i donar llibertat.</p>
