{"id":33601,"date":"2024-07-29T14:21:49","date_gmt":"2024-07-29T12:21:49","guid":{"rendered":"https:\/\/kauma.es\/caso-de-estudio\/ampliacio-dun-porxo-amb-pergola-bioclimatica\/"},"modified":"2026-04-23T17:18:33","modified_gmt":"2026-04-23T15:18:33","slug":"ampliacio-dun-porxo-amb-pergola-bioclimatica","status":"publish","type":"caso-de-estudio","link":"https:\/\/kauma.es\/ca\/caso-de-estudio\/ampliacio-dun-porxo-amb-pergola-bioclimatica\/","title":{"rendered":"Ampliaci\u00f3 d&#8217;un porxo amb p\u00e8rgola bioclim\u00e0tica."},"content":{"rendered":"<section class=\"l-section wpb_row height_auto\"><div class=\"l-section-h i-cf\"><div class=\"g-cols vc_row via_flex valign_top type_default stacking_default\"><div class=\"vc_col-sm-6 wpb_column vc_column_container\"><div class=\"vc_column-inner\"><div class=\"wpb_wrapper\"><div class=\"w-text\"><span class=\"w-text-h\"><span class=\"w-text-value\">EL REPTE<\/span><\/span><\/div><div class=\"w-separator size_medium\"><\/div><h3 class=\"w-text us_custom_0136c952\"><span class=\"w-text-h\"><span class=\"w-text-value\">Set metres de l\u00ednia sense pilars.<\/span><\/span><\/h3><\/div><\/div><\/div><div class=\"vc_col-sm-6 wpb_column vc_column_container\"><div class=\"vc_column-inner\"><div class=\"wpb_wrapper\"><div class=\"wpb_text_column us_custom_35d02291\"><div class=\"wpb_wrapper\"><p>El grup d&#8217;arquitectes d&#8217;Espaziona ens va presentar un projecte on l&#8217;essencial era mantenir l&#8217;espai completament obert del porxo. No volien cap obstacle visual al davant. El problema derivava en qu\u00e8 per ampliar la terrassa de m\u00e9s de set metres de l\u00ednia calia ubicar algun pilar intermedi. O potser no. Amb Kauma sabien que trobarien la soluci\u00f3 t\u00e8cnica que buscaven per al seu client: crear una terrassa exterior protegida del fred i el vent a l&#8217;hivern i del calor a l&#8217;estiu, sense renunciar a les vistes que des de l&#8217;interior tenien del jard\u00ed.<\/p>\n<\/div><\/div><\/div><\/div><\/div><\/div><\/div><\/section><section class=\"l-section wpb_row height_auto\"><div class=\"l-section-h i-cf\"><div class=\"g-cols vc_row via_flex valign_top type_default stacking_default\"><div class=\"vc_col-sm-6 wpb_column vc_column_container\"><div class=\"vc_column-inner\"><div class=\"wpb_wrapper\"><div class=\"w-text\"><span class=\"w-text-h\"><span class=\"w-text-value\">LA SOLUCI\u00d3 KAUMA<\/span><\/span><\/div><div class=\"w-separator size_medium\"><\/div><h3 class=\"w-text us_custom_0136c952\"><span class=\"w-text-h\"><span class=\"w-text-value\">Doble biga,&lt;br&gt;doble resist\u00e8ncia.<\/span><\/span><\/h3><\/div><\/div><\/div><div class=\"vc_col-sm-6 wpb_column vc_column_container\"><div class=\"vc_column-inner\"><div class=\"wpb_wrapper\"><div class=\"wpb_text_column us_custom_35d02291\"><div class=\"wpb_wrapper\"><p>Aprofitant el forjat i per salvar els pilars centrals, vam optar per dissenyar una doble biga perimetral per la part superior de la p\u00e8rgola bioclim\u00e0tica Nimbo. Des de l&#8217;interior, aquesta doble al\u00e7ada \u00e9s completament imperceptible i des de l&#8217;exterior, la sensaci\u00f3 de robustesa de l&#8217;estructura queda de lo m\u00e9s elegant. <\/p>\n<p>Per aprofitar al m\u00e0xim l&#8217;espai independentment del clima de fora, es va pensar a tancar el per\u00edmetre de la p\u00e8rgola amb cortines de cristall. En aquest cas, el model escollit va ser Parallel 150 ja que les seves amples fulles (fins a 1500 mm d&#8217;amplada) multipliquen la sensaci\u00f3 d&#8217;espai ampli sense obstacles visuals. <\/p>\n<p>Sense cap dubte, la combinaci\u00f3 de p\u00e8rgola bioclim\u00e0tica + tancament de cristall crea en aquesta casa de Sevilla un espai d&#8217;aprofitament per a tota la fam\u00edlia.<\/p>\n<\/div><\/div><\/div><\/div><\/div><\/div><\/div><\/section>\n","protected":false},"excerpt":{"rendered":"<p>M\u00e9s metres h\u00e0bils<br \/>\nSense obstaculitzar la visi\u00f3.<\/p>\n","protected":false},"featured_media":19902,"template":"","meta":{"_acf_changed":false},"categoria-casos-de-estudio":[40],"class_list":["post-33601","caso-de-estudio","type-caso-de-estudio","status-publish","has-post-thumbnail","hentry","categoria-casos-de-estudio-residencial"],"acf":[],"_links":{"self":[{"href":"https:\/\/kauma.es\/ca\/wp-json\/wp\/v2\/caso-de-estudio\/33601","targetHints":{"allow":["GET"]}}],"collection":[{"href":"https:\/\/kauma.es\/ca\/wp-json\/wp\/v2\/caso-de-estudio"}],"about":[{"href":"https:\/\/kauma.es\/ca\/wp-json\/wp\/v2\/types\/caso-de-estudio"}],"wp:featuredmedia":[{"embeddable":true,"href":"https:\/\/kauma.es\/ca\/wp-json\/wp\/v2\/media\/19902"}],"wp:attachment":[{"href":"https:\/\/kauma.es\/ca\/wp-json\/wp\/v2\/media?parent=33601"}],"wp:term":[{"taxonomy":"categoria-casos-de-estudio","embeddable":true,"href":"https:\/\/kauma.es\/ca\/wp-json\/wp\/v2\/categoria-casos-de-estudio?post=33601"}],"curies":[{"name":"wp","href":"https:\/\/api.w.org\/{rel}","templated":true}]}}

Ampliació d&#8217;un porxo amb pèrgola bioclimàtica.

<section class="l-section wpb_row height_auto"><div class="l-section-h i-cf"><div class="g-cols vc_row via_flex valign_top type_default stacking_default"><div class="vc_col-sm-6 wpb_column vc_column_container"><div class="vc_column-inner"><div class="wpb_wrapper"><div class="w-text"><span class="w-text-h"><span class="w-text-value">EL REPTE</span></span></div><div class="w-separator size_medium"></div><h3 class="w-text us_custom_0136c952"><span class="w-text-h"><span class="w-text-value">Set metres de línia sense pilars.</span></span></h3></div></div></div><div class="vc_col-sm-6 wpb_column vc_column_container"><div class="vc_column-inner"><div class="wpb_wrapper"><div class="wpb_text_column us_custom_35d02291"><div class="wpb_wrapper"><p>El grup d&#8217;arquitectes d&#8217;Espaziona ens va presentar un projecte on l&#8217;essencial era mantenir l&#8217;espai completament obert del porxo. No volien cap obstacle visual al davant. El problema derivava en què per ampliar la terrassa de més de set metres de línia calia ubicar algun pilar intermedi. O potser no. Amb Kauma sabien que trobarien la solució tècnica que buscaven per al seu client: crear una terrassa exterior protegida del fred i el vent a l&#8217;hivern i del calor a l&#8217;estiu, sense renunciar a les vistes que des de l&#8217;interior tenien del jardí.</p>
</div></div></div></div></div></div></div></section><section class="l-section wpb_row height_auto"><div class="l-section-h i-cf"><div class="g-cols vc_row via_flex valign_top type_default stacking_default"><div class="vc_col-sm-6 wpb_column vc_column_container"><div class="vc_column-inner"><div class="wpb_wrapper"><div class="w-text"><span class="w-text-h"><span class="w-text-value">LA SOLUCIÓ KAUMA</span></span></div><div class="w-separator size_medium"></div><h3 class="w-text us_custom_0136c952"><span class="w-text-h"><span class="w-text-value">Doble biga,&lt;br&gt;doble resistència.</span></span></h3></div></div></div><div class="vc_col-sm-6 wpb_column vc_column_container"><div class="vc_column-inner"><div class="wpb_wrapper"><div class="wpb_text_column us_custom_35d02291"><div class="wpb_wrapper"><p>Aprofitant el forjat i per salvar els pilars centrals, vam optar per dissenyar una doble biga perimetral per la part superior de la pèrgola bioclimàtica Nimbo. Des de l&#8217;interior, aquesta doble alçada és completament imperceptible i des de l&#8217;exterior, la sensació de robustesa de l&#8217;estructura queda de lo més elegant. </p>
<p>Per aprofitar al màxim l&#8217;espai independentment del clima de fora, es va pensar a tancar el perímetre de la pèrgola amb cortines de cristall. En aquest cas, el model escollit va ser Parallel 150 ja que les seves amples fulles (fins a 1500 mm d&#8217;amplada) multipliquen la sensació d&#8217;espai ampli sense obstacles visuals. </p>
<p>Sense cap dubte, la combinació de pèrgola bioclimàtica + tancament de cristall crea en aquesta casa de Sevilla un espai d&#8217;aprofitament per a tota la família.</p>
</div></div></div></div></div></div></div></section>

<p>Més metres hàbils<br />
Sense obstaculitzar la visió.</p>
