{"id":26921,"date":"2025-03-17T11:21:15","date_gmt":"2025-03-17T10:21:15","guid":{"rendered":"https:\/\/kauma.es\/subvencions\/"},"modified":"2025-04-30T15:27:48","modified_gmt":"2025-04-30T13:27:48","slug":"subvencions","status":"publish","type":"page","link":"https:\/\/kauma.es\/ca\/subvencions\/","title":{"rendered":"Subvencions"},"content":{"rendered":"<section class=\"l-section wpb_row height_large color_alternate with_slider\"><div class=\"l-section-slider\"><div class=\"w-slider style_none fit_cover nav_none count_1\"><div class=\"w-slider-h\" aria-hidden=\"true\"><div class=\"royalSlider\"><div class=\"rsContent\"><a class=\"rsImg\" data-rsw=\"1619\" data-rsh=\"1080\" href=\"https:\/\/kauma.es\/wp-content\/uploads\/2024\/07\/Imagen-Pergolas-bioclimaticas-slider1.jpg\"><span data-alt=\"\"><\/span><\/a><\/div><\/div><img decoding=\"async\" src=\"https:\/\/kauma.es\/wp-content\/uploads\/2024\/07\/Imagen-Pergolas-bioclimaticas-slider1.jpg\" width=\"1619\" height=\"1080\" alt loading=\"lazy\"><\/div><div class=\"w-slider-json\" onclick='return {&quot;autoScaleSlider&quot;:true,&quot;addActiveClass&quot;:true,&quot;loop&quot;:true,&quot;fadeInLoadedSlide&quot;:false,&quot;slidesSpacing&quot;:0,&quot;imageScalePadding&quot;:0,&quot;numImagesToPreload&quot;:2,&quot;arrowsNav&quot;:false,&quot;arrowsNavAutoHide&quot;:false,&quot;transitionType&quot;:&quot;fade&quot;,&quot;transitionSpeed&quot;:1000,&quot;block&quot;:{&quot;moveEffect&quot;:&quot;none&quot;,&quot;speed&quot;:300},&quot;thumbs&quot;:{&quot;fitInViewport&quot;:false,&quot;firstMargin&quot;:false,&quot;spacing&quot;:4},&quot;controlNavigation&quot;:&quot;none&quot;,&quot;autoplay&quot;:{&quot;enabled&quot;:true,&quot;pauseOnHover&quot;:false,&quot;delay&quot;:3000},&quot;autoScaleSliderWidth&quot;:1619,&quot;autoScaleSliderHeight&quot;:1080}'><\/div><\/div><\/div><div class=\"l-section-overlay\" style=\"background:rgba(0,0,0,0.15)\"><\/div><div class=\"l-section-h i-cf\"><div class=\"g-cols vc_row via_flex valign_top type_default stacking_default\"><div class=\"vc_col-sm-6 wpb_column vc_column_container\"><div class=\"vc_column-inner\"><div class=\"wpb_wrapper\"><h1 class=\"w-post-elm post_title align_left entry-title\">Subvencions<\/h1><div class=\"w-separator size_medium\"><\/div><\/div><\/div><\/div><div class=\"vc_col-sm-6 wpb_column vc_column_container\"><div class=\"vc_column-inner\"><div class=\"wpb_wrapper\"><\/div><\/div><\/div><\/div><\/div><\/section><section class=\"l-section wpb_row us_custom_f58a0cb9 height_large width_full\"><div class=\"l-section-h i-cf\"><div class=\"g-cols vc_row via_flex valign_top type_default stacking_default\"><div class=\"vc_col-sm-12 wpb_column vc_column_container\"><div class=\"vc_column-inner\"><div class=\"wpb_wrapper\"><div class=\"g-cols wpb_row via_flex valign_top type_default stacking_default\"><div data-us-scroll=\"{&quot;from_initial_position&quot;:&quot;0&quot;,&quot;start_position&quot;:&quot;5%&quot;,&quot;end_position&quot;:&quot;50%&quot;,&quot;delay&quot;:&quot;0.1s&quot;}\" class=\"vc_col-sm-12 wpb_column vc_column_container has_scroll_effects\"><div class=\"vc_column-inner us_custom_a8936391\"><div class=\"wpb_wrapper\"><h2 class=\"w-text\"><span class=\"w-text-h\"><span class=\"w-text-value\">Fons Europeu de Desenvolupament Regional (FEDER)<\/span><\/span><\/h2><div class=\"wpb_text_column us_custom_0033d580\"><div class=\"wpb_wrapper\"><p>Kauma Design, S.L. ha participat en el Programa d&#8217;Iniciaci\u00f3 a l&#8217;Exportaci\u00f3 ICEX Next, amb el suport d&#8217;ICEX i la cofinanciaci\u00f3 de fons europeus FEDER.<br \/>\nL&#8217;objectiu \u00e9s contribuir al desenvolupament internacional de l&#8217;empresa i del seu entorn.<\/p>\n<p><span style=\"font-weight: 400;\">S&#8217;ha rebut un incentiu de l&#8217;Ag\u00e8ncia d&#8217;Innovaci\u00f3 i Desenvolupament d&#8217;Andalusia IDEA, de la Junta d&#8217;Andalusia, per un import de 16.820,00 \u20ac, cofinan\u00e7at en un 80 % per la Uni\u00f3 Europea a trav\u00e9s del Fons Europeu de Desenvolupament Regional (FEDER) per a la realitzaci\u00f3 del projecte: Realitzaci\u00f3 d&#8217;un pla de m\u00e0rqueting digital per potenciar el posicionament de la marca Kauma.<\/span><\/p>\n<\/div><\/div><\/div><\/div><\/div><\/div><\/div><\/div><\/div><\/div><\/div><\/section><section class=\"l-section wpb_row height_small\"><div class=\"l-section-h i-cf\"><div class=\"g-cols vc_row via_flex valign_top type_default stacking_default\"><div class=\"vc_col-sm-12 wpb_column vc_column_container\"><div class=\"vc_column-inner\"><div class=\"wpb_wrapper\"><div class=\"w-hwrapper valign_middle wrap align_center\" style=\"--hwrapper-gap:1.2rem\"><div class=\"w-image us_custom_dff3f2ad has_height align_none\"><div class=\"w-image-h\"><img decoding=\"async\" width=\"404\" height=\"203\" src=\"https:\/\/kauma.es\/wp-content\/uploads\/2017\/07\/Diseno-sin-titulo-1-e1727944163623.png\" class=\"attachment-full size-full\" alt=\"\" loading=\"lazy\" srcset=\"https:\/\/kauma.es\/wp-content\/uploads\/2017\/07\/Diseno-sin-titulo-1-e1727944163623.png 404w, https:\/\/kauma.es\/wp-content\/uploads\/2017\/07\/Diseno-sin-titulo-1-e1727944163623-300x151.png 300w\" sizes=\"auto, (max-width: 404px) 100vw, 404px\" \/><\/div><\/div><div class=\"w-image us_custom_dff3f2ad has_height align_none\"><div class=\"w-image-h\"><img decoding=\"async\" width=\"2363\" height=\"1576\" src=\"https:\/\/kauma.es\/wp-content\/uploads\/2017\/07\/normal-reproduction-high-resolution.jpg\" class=\"attachment-full size-full\" alt=\"\" loading=\"lazy\" srcset=\"https:\/\/kauma.es\/wp-content\/uploads\/2017\/07\/normal-reproduction-high-resolution.jpg 2363w, https:\/\/kauma.es\/wp-content\/uploads\/2017\/07\/normal-reproduction-high-resolution-300x200.jpg 300w, https:\/\/kauma.es\/wp-content\/uploads\/2017\/07\/normal-reproduction-high-resolution-1024x683.jpg 1024w, https:\/\/kauma.es\/wp-content\/uploads\/2017\/07\/normal-reproduction-high-resolution-600x400.jpg 600w\" sizes=\"auto, (max-width: 2363px) 100vw, 2363px\" \/><\/div><\/div><div class=\"w-image us_custom_dff3f2ad has_height align_none\"><div class=\"w-image-h\"><img decoding=\"async\" width=\"1680\" height=\"259\" src=\"https:\/\/kauma.es\/wp-content\/uploads\/2017\/07\/Logo-junta-de-andalucia1.png\" class=\"attachment-full size-full\" alt=\"\" loading=\"lazy\" srcset=\"https:\/\/kauma.es\/wp-content\/uploads\/2017\/07\/Logo-junta-de-andalucia1.png 1680w, https:\/\/kauma.es\/wp-content\/uploads\/2017\/07\/Logo-junta-de-andalucia1-300x46.png 300w, https:\/\/kauma.es\/wp-content\/uploads\/2017\/07\/Logo-junta-de-andalucia1-1024x158.png 1024w, https:\/\/kauma.es\/wp-content\/uploads\/2017\/07\/Logo-junta-de-andalucia1-600x93.png 600w\" sizes=\"auto, (max-width: 1680px) 100vw, 1680px\" \/><\/div><\/div><\/div><\/div><\/div><\/div><\/div><\/div><\/section>\n","protected":false},"excerpt":{"rendered":"SubvencionsFons Europeu de Desenvolupament Regional (FEDER)Kauma Design, S.L. ha participat en el Programa d&#8217;Iniciaci\u00f3 a l&#8217;Exportaci\u00f3 ICEX Next, amb el suport d&#8217;ICEX i la cofinanciaci\u00f3 de fons europeus FEDER. L&#8217;objectiu \u00e9s contribuir al desenvolupament internacional de l&#8217;empresa i del seu entorn. S&#8217;ha rebut un incentiu de l&#8217;Ag\u00e8ncia d&#8217;Innovaci\u00f3 i Desenvolupament d&#8217;Andalusia IDEA, de la Junta...","protected":false},"author":9,"featured_media":0,"parent":0,"menu_order":0,"comment_status":"closed","ping_status":"closed","template":"","meta":{"_acf_changed":false,"rank_math_title":"","rank_math_description":"","rank_math_focus_keyword":"","rank_math_robots":null,"rank_math_canonical_url":"","rank_math_seo_score":"","rank_math_pillar_content":"","rank_math_advanced_robots":"","rank_math_facebook_title":"","rank_math_facebook_description":"","rank_math_facebook_image":"","rank_math_twitter_title":"","rank_math_twitter_description":"","rank_math_twitter_image":"","rank_math_twitter_card_type":"","rank_math_breadcrumb_title":"","rank_math_schema_Article":"","rank_math_schema_Book":"","rank_math_schema_Course":"","rank_math_schema_Dataset":"","rank_math_schema_Event":"","rank_math_schema_FAQPage":"","rank_math_schema_FactCheck":"","rank_math_schema_HowTo":"","rank_math_schema_JobPosting":"","rank_math_schema_Movie":"","rank_math_schema_MusicRecording":"","rank_math_schema_Person":"","rank_math_schema_Product":"","rank_math_schema_Recipe":"","rank_math_schema_Restaurant":"","rank_math_schema_Service":"","rank_math_schema_SoftwareApplication":"","rank_math_schema_VideoObject":"","rank_math_schema_WooCommerceProduct":"","rank_math_schema_MedicalProcedure":"","footnotes":""},"class_list":["post-26921","page","type-page","status-publish","hentry"],"acf":[],"_links":{"self":[{"href":"https:\/\/kauma.es\/ca\/wp-json\/wp\/v2\/pages\/26921","targetHints":{"allow":["GET"]}}],"collection":[{"href":"https:\/\/kauma.es\/ca\/wp-json\/wp\/v2\/pages"}],"about":[{"href":"https:\/\/kauma.es\/ca\/wp-json\/wp\/v2\/types\/page"}],"author":[{"embeddable":true,"href":"https:\/\/kauma.es\/ca\/wp-json\/wp\/v2\/users\/9"}],"replies":[{"embeddable":true,"href":"https:\/\/kauma.es\/ca\/wp-json\/wp\/v2\/comments?post=26921"}],"version-history":[{"count":0,"href":"https:\/\/kauma.es\/ca\/wp-json\/wp\/v2\/pages\/26921\/revisions"}],"wp:attachment":[{"href":"https:\/\/kauma.es\/ca\/wp-json\/wp\/v2\/media?parent=26921"}],"curies":[{"name":"wp","href":"https:\/\/api.w.org\/{rel}","templated":true}]}}

<section class="l-section wpb_row height_large color_alternate with_slider"><div class="l-section-slider"><div class="w-slider style_none fit_cover nav_none count_1"><div class="w-slider-h" aria-hidden="true"><div class="royalSlider"><div class="rsContent"><a class="rsImg" data-rsw="1619" data-rsh="1080" href="https://kauma.es/wp-content/uploads/2024/07/Imagen-Pergolas-bioclimaticas-slider1.jpg"><span data-alt=""></span></a></div></div><img decoding="async" src="https://kauma.es/wp-content/uploads/2024/07/Imagen-Pergolas-bioclimaticas-slider1.jpg" width="1619" height="1080" alt loading="lazy"></div><div class="w-slider-json" onclick='return {&quot;autoScaleSlider&quot;:true,&quot;addActiveClass&quot;:true,&quot;loop&quot;:true,&quot;fadeInLoadedSlide&quot;:false,&quot;slidesSpacing&quot;:0,&quot;imageScalePadding&quot;:0,&quot;numImagesToPreload&quot;:2,&quot;arrowsNav&quot;:false,&quot;arrowsNavAutoHide&quot;:false,&quot;transitionType&quot;:&quot;fade&quot;,&quot;transitionSpeed&quot;:1000,&quot;block&quot;:{&quot;moveEffect&quot;:&quot;none&quot;,&quot;speed&quot;:300},&quot;thumbs&quot;:{&quot;fitInViewport&quot;:false,&quot;firstMargin&quot;:false,&quot;spacing&quot;:4},&quot;controlNavigation&quot;:&quot;none&quot;,&quot;autoplay&quot;:{&quot;enabled&quot;:true,&quot;pauseOnHover&quot;:false,&quot;delay&quot;:3000},&quot;autoScaleSliderWidth&quot;:1619,&quot;autoScaleSliderHeight&quot;:1080}'></div></div></div><div class="l-section-overlay" style="background:rgba(0,0,0,0.15)"></div><div class="l-section-h i-cf"><div class="g-cols vc_row via_flex valign_top type_default stacking_default"><div class="vc_col-sm-6 wpb_column vc_column_container"><div class="vc_column-inner"><div class="wpb_wrapper"><h1 class="w-post-elm post_title align_left entry-title">Subvencions</h1><div class="w-separator size_medium"></div></div></div></div><div class="vc_col-sm-6 wpb_column vc_column_container"><div class="vc_column-inner"><div class="wpb_wrapper"></div></div></div></div></div></section><section class="l-section wpb_row us_custom_f58a0cb9 height_large width_full"><div class="l-section-h i-cf"><div class="g-cols vc_row via_flex valign_top type_default stacking_default"><div class="vc_col-sm-12 wpb_column vc_column_container"><div class="vc_column-inner"><div class="wpb_wrapper"><div class="g-cols wpb_row via_flex valign_top type_default stacking_default"><div data-us-scroll="{&quot;from_initial_position&quot;:&quot;0&quot;,&quot;start_position&quot;:&quot;5%&quot;,&quot;end_position&quot;:&quot;50%&quot;,&quot;delay&quot;:&quot;0.1s&quot;}" class="vc_col-sm-12 wpb_column vc_column_container has_scroll_effects"><div class="vc_column-inner us_custom_a8936391"><div class="wpb_wrapper"><h2 class="w-text"><span class="w-text-h"><span class="w-text-value">Fons Europeu de Desenvolupament Regional (FEDER)</span></span></h2><div class="wpb_text_column us_custom_0033d580"><div class="wpb_wrapper"><p>Kauma Design, S.L. ha participat en el Programa d&#8217;Iniciació a l&#8217;Exportació ICEX Next, amb el suport d&#8217;ICEX i la cofinanciació de fons europeus FEDER.<br />
L&#8217;objectiu és contribuir al desenvolupament internacional de l&#8217;empresa i del seu entorn.</p>
<p><span style="font-weight: 400;">S&#8217;ha rebut un incentiu de l&#8217;Agència d&#8217;Innovació i Desenvolupament d&#8217;Andalusia IDEA, de la Junta d&#8217;Andalusia, per un import de 16.820,00 €, cofinançat en un 80 % per la Unió Europea a través del Fons Europeu de Desenvolupament Regional (FEDER) per a la realització del projecte: Realització d&#8217;un pla de màrqueting digital per potenciar el posicionament de la marca Kauma.</span></p>
</div></div></div></div></div></div></div></div></div></div></div></section><section class="l-section wpb_row height_small"><div class="l-section-h i-cf"><div class="g-cols vc_row via_flex valign_top type_default stacking_default"><div class="vc_col-sm-12 wpb_column vc_column_container"><div class="vc_column-inner"><div class="wpb_wrapper"><div class="w-hwrapper valign_middle wrap align_center" style="--hwrapper-gap:1.2rem"><div class="w-image us_custom_dff3f2ad has_height align_none"><div class="w-image-h"><img decoding="async" width="404" height="203" src="https://kauma.es/wp-content/uploads/2017/07/Diseno-sin-titulo-1-e1727944163623.png" class="attachment-full size-full" alt="" loading="lazy" srcset="https://kauma.es/wp-content/uploads/2017/07/Diseno-sin-titulo-1-e1727944163623.png 404w, https://kauma.es/wp-content/uploads/2017/07/Diseno-sin-titulo-1-e1727944163623-300x151.png 300w" sizes="auto, (max-width: 404px) 100vw, 404px" /></div></div><div class="w-image us_custom_dff3f2ad has_height align_none"><div class="w-image-h"><img decoding="async" width="2363" height="1576" src="https://kauma.es/wp-content/uploads/2017/07/normal-reproduction-high-resolution.jpg" class="attachment-full size-full" alt="" loading="lazy" srcset="https://kauma.es/wp-content/uploads/2017/07/normal-reproduction-high-resolution.jpg 2363w, https://kauma.es/wp-content/uploads/2017/07/normal-reproduction-high-resolution-300x200.jpg 300w, https://kauma.es/wp-content/uploads/2017/07/normal-reproduction-high-resolution-1024x683.jpg 1024w, https://kauma.es/wp-content/uploads/2017/07/normal-reproduction-high-resolution-600x400.jpg 600w" sizes="auto, (max-width: 2363px) 100vw, 2363px" /></div></div><div class="w-image us_custom_dff3f2ad has_height align_none"><div class="w-image-h"><img decoding="async" width="1680" height="259" src="https://kauma.es/wp-content/uploads/2017/07/Logo-junta-de-andalucia1.png" class="attachment-full size-full" alt="" loading="lazy" srcset="https://kauma.es/wp-content/uploads/2017/07/Logo-junta-de-andalucia1.png 1680w, https://kauma.es/wp-content/uploads/2017/07/Logo-junta-de-andalucia1-300x46.png 300w, https://kauma.es/wp-content/uploads/2017/07/Logo-junta-de-andalucia1-1024x158.png 1024w, https://kauma.es/wp-content/uploads/2017/07/Logo-junta-de-andalucia1-600x93.png 600w" sizes="auto, (max-width: 1680px) 100vw, 1680px" /></div></div></div></div></div></div></div></div></section>

SubvencionsFons Europeu de Desenvolupament Regional (FEDER)Kauma Design, S.L. ha participat en el Programa d&#8217;Iniciació a l&#8217;Exportació ICEX Next, amb el suport d&#8217;ICEX i la cofinanciació de fons europeus FEDER. L&#8217;objectiu és contribuir al desenvolupament internacional de l&#8217;empresa i del seu entorn. S&#8217;ha rebut un incentiu de l&#8217;Agència d&#8217;Innovació i Desenvolupament d&#8217;Andalusia IDEA, de la Junta...
