{"id":25438,"date":"2024-07-29T14:24:22","date_gmt":"2024-07-29T12:24:22","guid":{"rendered":"https:\/\/dev.kauma.es\/caso-de-estudio\/restaurant-paraiso\/"},"modified":"2025-04-16T13:20:22","modified_gmt":"2025-04-16T11:20:22","slug":"restaurant-paraiso","status":"publish","type":"caso-de-estudio","link":"https:\/\/kauma.es\/fr\/caso-de-estudio\/restaurant-paraiso\/","title":{"rendered":"Restaurant Paraiso"},"content":{"rendered":"<section class=\"l-section wpb_row height_auto\"><div class=\"l-section-h i-cf\"><div class=\"g-cols vc_row via_flex valign_top type_default stacking_default\"><div class=\"vc_col-sm-6 wpb_column vc_column_container\"><div class=\"vc_column-inner\"><div class=\"wpb_wrapper\"><div class=\"w-text\"><span class=\"w-text-h\"><span class=\"w-text-value\">LE D\u00c9FI<\/span><\/span><\/div><div class=\"w-separator size_medium\"><\/div><h2 class=\"w-text us_custom_47025d36\"><span class=\"w-text-h\"><span class=\"w-text-value\">Au bord de la plage avec ses avantages<br \/>\net ses inconv\u00e9nients.<\/span><\/span><\/h2><\/div><\/div><\/div><div class=\"vc_col-sm-6 wpb_column vc_column_container\"><div class=\"vc_column-inner\"><div class=\"wpb_wrapper\"><div class=\"wpb_text_column us_custom_35d02291\"><div class=\"wpb_wrapper\"><p>Ce qui a commenc\u00e9 comme un petit kiosque au bord de la plage est devenu, en quelques ann\u00e9es, un restaurant de r\u00e9f\u00e9rence \u00e0 Praia de Luz, au Portugal. Ainsi, le restaurant Para\u00edso devait \u00eatre \u00e0 la hauteur de son nom et offrir \u00e0 ses clients un environnement confortable : les prot\u00e9ger des rafales de vent, du sable et du sel en \u00e9t\u00e9, et aller au-del\u00e0 de la saison estivale. Para\u00edso voulait \u00eatre un restaurant ouvert sur la mer, \u00e0 savourer toute l&rsquo;ann\u00e9e.<\/p>\n<\/div><\/div><\/div><\/div><\/div><\/div><\/div><\/section><section class=\"l-section wpb_row us_custom_c70c97eb height_auto\"><div class=\"l-section-h i-cf\"><div class=\"g-cols vc_row via_flex valign_top type_default stacking_default\"><div class=\"vc_col-sm-12 wpb_column vc_column_container\"><div class=\"vc_column-inner\"><div class=\"wpb_wrapper\"><div class=\"w-grid-none type_message\">Aucun r\u00e9sultat.<\/div><\/div><\/div><\/div><\/div><\/div><\/section><section class=\"l-section wpb_row height_auto\"><div class=\"l-section-h i-cf\"><div class=\"g-cols vc_row via_flex valign_top type_default stacking_default\"><div class=\"vc_col-sm-6 wpb_column vc_column_container\"><div class=\"vc_column-inner\"><div class=\"wpb_wrapper\"><div class=\"w-text\"><span class=\"w-text-h\"><span class=\"w-text-value\">LA SOLUTION KAUMA<\/span><\/span><\/div><div class=\"w-separator size_medium\"><\/div><h2 class=\"w-text us_custom_47025d36\"><span class=\"w-text-h\"><span class=\"w-text-value\">Lorsque les vues sont<br \/>\nle meilleur des \u00e9l\u00e9ments.<\/span><\/span><\/h2><\/div><\/div><\/div><div class=\"vc_col-sm-6 wpb_column vc_column_container\"><div class=\"vc_column-inner\"><div class=\"wpb_wrapper\"><div class=\"wpb_text_column us_custom_35d02291\"><div class=\"wpb_wrapper\"><p>Nous avons install\u00e9 six modules de Nimbo pour couvrir une superficie de 150 m\u00b2 de terrasse ouverte sur la mer. La pergola comprend un avant-toit esth\u00e9tique et fonctionnel : cet \u00e9l\u00e9ment suppl\u00e9mentaire cr\u00e9e une protection solaire suppl\u00e9mentaire, tr\u00e8s agr\u00e9able lors des conversations autour d&rsquo;une table. <\/p>\n<p>Le b\u00e2timent original est d\u00e9pourvu d&rsquo;autres \u00e9l\u00e9ments architecturaux qui le prot\u00e8gent des rafales de vent. Pour \u00e9viter les \u00e9ventuelles d\u00e9formations de la pergola, nous avons ajout\u00e9 deux c\u00e2bles en acier avec des tendeurs sur chacune des poutres, fix\u00e9s \u00e0 la structure du b\u00e2timent. De plus, ils ont une fonction esth\u00e9tique, rappelant les cordes maritimes des bateaux de p\u00eache de la r\u00e9gion. <\/p>\n<p>Verticalement, nous avons cr\u00e9\u00e9 une zone de confort avec des rideaux de verre sur plusieurs ouvertures et de nombreuses zones de stationnement. Sans profil\u00e9s verticaux, nous avons mis en valeur la vue panoramique de l&rsquo;espace, qui peut d\u00e9sormais \u00eatre utilis\u00e9 toute l&rsquo;ann\u00e9e.<\/p>\n<\/div><\/div><\/div><\/div><\/div><\/div><\/div><\/section>\n","protected":false},"excerpt":{"rendered":"<p>Terrasse bioclimatique ouverte sur la mer, permettant de s&rsquo;asseoir \u00e0 table aussi bien en \u00e9t\u00e9 qu&rsquo;en hiver.<\/p>\n","protected":false},"featured_media":22044,"template":"","meta":{"_acf_changed":false},"categoria-casos-de-estudio":[39],"class_list":["post-25438","caso-de-estudio","type-caso-de-estudio","status-publish","has-post-thumbnail","hentry","categoria-casos-de-estudio-comercial"],"acf":[],"_links":{"self":[{"href":"https:\/\/kauma.es\/fr\/wp-json\/wp\/v2\/caso-de-estudio\/25438","targetHints":{"allow":["GET"]}}],"collection":[{"href":"https:\/\/kauma.es\/fr\/wp-json\/wp\/v2\/caso-de-estudio"}],"about":[{"href":"https:\/\/kauma.es\/fr\/wp-json\/wp\/v2\/types\/caso-de-estudio"}],"wp:featuredmedia":[{"embeddable":true,"href":"https:\/\/kauma.es\/fr\/wp-json\/wp\/v2\/media\/22044"}],"wp:attachment":[{"href":"https:\/\/kauma.es\/fr\/wp-json\/wp\/v2\/media?parent=25438"}],"wp:term":[{"taxonomy":"categoria-casos-de-estudio","embeddable":true,"href":"https:\/\/kauma.es\/fr\/wp-json\/wp\/v2\/categoria-casos-de-estudio?post=25438"}],"curies":[{"name":"wp","href":"https:\/\/api.w.org\/{rel}","templated":true}]}}

<section class="l-section wpb_row height_auto"><div class="l-section-h i-cf"><div class="g-cols vc_row via_flex valign_top type_default stacking_default"><div class="vc_col-sm-6 wpb_column vc_column_container"><div class="vc_column-inner"><div class="wpb_wrapper"><div class="w-text"><span class="w-text-h"><span class="w-text-value">LE DÉFI</span></span></div><div class="w-separator size_medium"></div><h2 class="w-text us_custom_47025d36"><span class="w-text-h"><span class="w-text-value">Au bord de la plage avec ses avantages<br />
et ses inconvénients.</span></span></h2></div></div></div><div class="vc_col-sm-6 wpb_column vc_column_container"><div class="vc_column-inner"><div class="wpb_wrapper"><div class="wpb_text_column us_custom_35d02291"><div class="wpb_wrapper"><p>Ce qui a commencé comme un petit kiosque au bord de la plage est devenu, en quelques années, un restaurant de référence à Praia de Luz, au Portugal. Ainsi, le restaurant Paraíso devait être à la hauteur de son nom et offrir à ses clients un environnement confortable : les protéger des rafales de vent, du sable et du sel en été, et aller au-delà de la saison estivale. Paraíso voulait être un restaurant ouvert sur la mer, à savourer toute l&rsquo;année.</p>
</div></div></div></div></div></div></div></section><section class="l-section wpb_row us_custom_c70c97eb height_auto"><div class="l-section-h i-cf"><div class="g-cols vc_row via_flex valign_top type_default stacking_default"><div class="vc_col-sm-12 wpb_column vc_column_container"><div class="vc_column-inner"><div class="wpb_wrapper"><div class="w-grid-none type_message">Aucun résultat.</div></div></div></div></div></div></section><section class="l-section wpb_row height_auto"><div class="l-section-h i-cf"><div class="g-cols vc_row via_flex valign_top type_default stacking_default"><div class="vc_col-sm-6 wpb_column vc_column_container"><div class="vc_column-inner"><div class="wpb_wrapper"><div class="w-text"><span class="w-text-h"><span class="w-text-value">LA SOLUTION KAUMA</span></span></div><div class="w-separator size_medium"></div><h2 class="w-text us_custom_47025d36"><span class="w-text-h"><span class="w-text-value">Lorsque les vues sont<br />
le meilleur des éléments.</span></span></h2></div></div></div><div class="vc_col-sm-6 wpb_column vc_column_container"><div class="vc_column-inner"><div class="wpb_wrapper"><div class="wpb_text_column us_custom_35d02291"><div class="wpb_wrapper"><p>Nous avons installé six modules de Nimbo pour couvrir une superficie de 150 m² de terrasse ouverte sur la mer. La pergola comprend un avant-toit esthétique et fonctionnel : cet élément supplémentaire crée une protection solaire supplémentaire, très agréable lors des conversations autour d&rsquo;une table. </p>
<p>Le bâtiment original est dépourvu d&rsquo;autres éléments architecturaux qui le protègent des rafales de vent. Pour éviter les éventuelles déformations de la pergola, nous avons ajouté deux câbles en acier avec des tendeurs sur chacune des poutres, fixés à la structure du bâtiment. De plus, ils ont une fonction esthétique, rappelant les cordes maritimes des bateaux de pêche de la région. </p>
<p>Verticalement, nous avons créé une zone de confort avec des rideaux de verre sur plusieurs ouvertures et de nombreuses zones de stationnement. Sans profilés verticaux, nous avons mis en valeur la vue panoramique de l&rsquo;espace, qui peut désormais être utilisé toute l&rsquo;année.</p>
</div></div></div></div></div></div></div></section>

<p>Terrasse bioclimatique ouverte sur la mer, permettant de s&rsquo;asseoir à table aussi bien en été qu&rsquo;en hiver.</p>
