{"id":25440,"date":"2024-07-29T14:24:11","date_gmt":"2024-07-29T12:24:11","guid":{"rendered":"https:\/\/dev.kauma.es\/caso-de-estudio\/residence-francisco-sanchez\/"},"modified":"2025-04-16T13:34:07","modified_gmt":"2025-04-16T11:34:07","slug":"residence-francisco-sanchez","status":"publish","type":"caso-de-estudio","link":"https:\/\/kauma.es\/fr\/caso-de-estudio\/residence-francisco-sanchez\/","title":{"rendered":"R\u00e9sidence Francisco S\u00e1nchez"},"content":{"rendered":"<section class=\"l-section wpb_row height_auto\"><div class=\"l-section-h i-cf\"><div class=\"g-cols vc_row via_flex valign_top type_default stacking_default\"><div class=\"vc_col-sm-6 wpb_column vc_column_container\"><div class=\"vc_column-inner\"><div class=\"wpb_wrapper\"><div class=\"w-text\"><span class=\"w-text-h\"><span class=\"w-text-value\">LE D\u00c9FI<\/span><\/span><\/div><div class=\"w-separator size_medium\"><\/div><h2 class=\"w-text us_custom_8ff44f21\"><span class=\"w-text-h\"><span class=\"w-text-value\">La terrasse de Francisco S\u00e1nchez, un v\u00e9ritable concept en plein air.<\/span><\/span><\/h2><\/div><\/div><\/div><div class=\"vc_col-sm-6 wpb_column vc_column_container\"><div class=\"vc_column-inner\"><div class=\"wpb_wrapper\"><div class=\"wpb_text_column us_custom_35d02291\"><div class=\"wpb_wrapper\"><p>Transformer la terrasse en un espace confortable et habitable pour tous les \u00e2ges. Francisco S\u00e1nchez voulait voir ses petits jouer \u00e0 l&rsquo;ext\u00e9rieur, faisant de la terrasse une zone agr\u00e9able pour toute la famille. Pendant que les enfants jouent, les adultes se d\u00e9tendent en ayant l&rsquo;esprit tranquille, prot\u00e9g\u00e9s. L&rsquo;espace devait \u00eatre polyvalent et s\u00e9curis\u00e9 pour les plus jeunes de la maison.<\/p>\n<\/div><\/div><\/div><\/div><\/div><\/div><\/div><\/section><section class=\"l-section wpb_row us_custom_c70c97eb height_auto\"><div class=\"l-section-h i-cf\"><div class=\"g-cols vc_row via_flex valign_top type_default stacking_default\"><div class=\"vc_col-sm-12 wpb_column vc_column_container\"><div class=\"vc_column-inner\"><div class=\"wpb_wrapper\"><div class=\"w-grid-none type_message\">Aucun r\u00e9sultat.<\/div><\/div><\/div><\/div><\/div><\/div><\/section><section class=\"l-section wpb_row height_auto\"><div class=\"l-section-h i-cf\"><div class=\"g-cols vc_row via_flex valign_top type_default stacking_default\"><div class=\"vc_col-sm-6 wpb_column vc_column_container\"><div class=\"vc_column-inner\"><div class=\"wpb_wrapper\"><div class=\"w-text\"><span class=\"w-text-h\"><span class=\"w-text-value\">LA SOLUTION KAUMA<\/span><\/span><\/div><div class=\"w-separator size_medium\"><\/div><h2 class=\"w-text us_custom_47025d36\"><span class=\"w-text-h\"><span class=\"w-text-value\">Ici, toute la famille&lt;br&gt;trouve sa zone de confort.<\/span><\/span><\/h2><\/div><\/div><\/div><div class=\"vc_col-sm-6 wpb_column vc_column_container\"><div class=\"vc_column-inner\"><div class=\"wpb_wrapper\"><div class=\"wpb_text_column us_custom_35d02291\"><div class=\"wpb_wrapper\"><p>La r\u00e9ponse aux besoins de Francisco Sanchez porte son propre nom : la pergola bioclimatique Nimbo. La zone \u00e0 couvrir exigeait deux modules de Nimbo. Donc, pour maintenir l\u2019\u00e9quilibre visuel, nous avons plac\u00e9 deux piliers centr\u00e9s par rapport \u00e0 la porte d\u2019entr\u00e9e. Ainsi, nous assurons une harmonie esth\u00e9tique avec l\u2019environnement et une vision sans obstacles.   <\/p>\n<p>Les lames orientables accordent une polyvalence \u00e0 l\u2019espace : elles r\u00e9gulent la lumi\u00e8re et la temp\u00e9rature en fonction des conditions m\u00e9t\u00e9orologiques. En outre, Francisco Sanchez a opt\u00e9 pour un syst\u00e8me de capteurs de pluie, afin de ne plus avoir \u00e0 se soucier de pr\u00e9cipitations impr\u00e9vues et de continuer \u00e0 profiter du plein air.<\/p>\n<\/div><\/div><\/div><\/div><\/div><\/div><\/div><\/section>\n","protected":false},"excerpt":{"rendered":"<p>Un environnement pour chaque<br \/>\nmembre de la famille sous la<br \/>\npergola Nimbo.<\/p>\n","protected":false},"featured_media":22032,"template":"","meta":{"_acf_changed":false},"categoria-casos-de-estudio":[40],"class_list":["post-25440","caso-de-estudio","type-caso-de-estudio","status-publish","has-post-thumbnail","hentry","categoria-casos-de-estudio-residencial"],"acf":[],"_links":{"self":[{"href":"https:\/\/kauma.es\/fr\/wp-json\/wp\/v2\/caso-de-estudio\/25440","targetHints":{"allow":["GET"]}}],"collection":[{"href":"https:\/\/kauma.es\/fr\/wp-json\/wp\/v2\/caso-de-estudio"}],"about":[{"href":"https:\/\/kauma.es\/fr\/wp-json\/wp\/v2\/types\/caso-de-estudio"}],"wp:featuredmedia":[{"embeddable":true,"href":"https:\/\/kauma.es\/fr\/wp-json\/wp\/v2\/media\/22032"}],"wp:attachment":[{"href":"https:\/\/kauma.es\/fr\/wp-json\/wp\/v2\/media?parent=25440"}],"wp:term":[{"taxonomy":"categoria-casos-de-estudio","embeddable":true,"href":"https:\/\/kauma.es\/fr\/wp-json\/wp\/v2\/categoria-casos-de-estudio?post=25440"}],"curies":[{"name":"wp","href":"https:\/\/api.w.org\/{rel}","templated":true}]}}

Résidence Francisco Sánchez

<section class="l-section wpb_row height_auto"><div class="l-section-h i-cf"><div class="g-cols vc_row via_flex valign_top type_default stacking_default"><div class="vc_col-sm-6 wpb_column vc_column_container"><div class="vc_column-inner"><div class="wpb_wrapper"><div class="w-text"><span class="w-text-h"><span class="w-text-value">LE DÉFI</span></span></div><div class="w-separator size_medium"></div><h2 class="w-text us_custom_8ff44f21"><span class="w-text-h"><span class="w-text-value">La terrasse de Francisco Sánchez, un véritable concept en plein air.</span></span></h2></div></div></div><div class="vc_col-sm-6 wpb_column vc_column_container"><div class="vc_column-inner"><div class="wpb_wrapper"><div class="wpb_text_column us_custom_35d02291"><div class="wpb_wrapper"><p>Transformer la terrasse en un espace confortable et habitable pour tous les âges. Francisco Sánchez voulait voir ses petits jouer à l&rsquo;extérieur, faisant de la terrasse une zone agréable pour toute la famille. Pendant que les enfants jouent, les adultes se détendent en ayant l&rsquo;esprit tranquille, protégés. L&rsquo;espace devait être polyvalent et sécurisé pour les plus jeunes de la maison.</p>
</div></div></div></div></div></div></div></section><section class="l-section wpb_row us_custom_c70c97eb height_auto"><div class="l-section-h i-cf"><div class="g-cols vc_row via_flex valign_top type_default stacking_default"><div class="vc_col-sm-12 wpb_column vc_column_container"><div class="vc_column-inner"><div class="wpb_wrapper"><div class="w-grid-none type_message">Aucun résultat.</div></div></div></div></div></div></section><section class="l-section wpb_row height_auto"><div class="l-section-h i-cf"><div class="g-cols vc_row via_flex valign_top type_default stacking_default"><div class="vc_col-sm-6 wpb_column vc_column_container"><div class="vc_column-inner"><div class="wpb_wrapper"><div class="w-text"><span class="w-text-h"><span class="w-text-value">LA SOLUTION KAUMA</span></span></div><div class="w-separator size_medium"></div><h2 class="w-text us_custom_47025d36"><span class="w-text-h"><span class="w-text-value">Ici, toute la famille&lt;br&gt;trouve sa zone de confort.</span></span></h2></div></div></div><div class="vc_col-sm-6 wpb_column vc_column_container"><div class="vc_column-inner"><div class="wpb_wrapper"><div class="wpb_text_column us_custom_35d02291"><div class="wpb_wrapper"><p>La réponse aux besoins de Francisco Sanchez porte son propre nom : la pergola bioclimatique Nimbo. La zone à couvrir exigeait deux modules de Nimbo. Donc, pour maintenir l’équilibre visuel, nous avons placé deux piliers centrés par rapport à la porte d’entrée. Ainsi, nous assurons une harmonie esthétique avec l’environnement et une vision sans obstacles.   </p>
<p>Les lames orientables accordent une polyvalence à l’espace : elles régulent la lumière et la température en fonction des conditions météorologiques. En outre, Francisco Sanchez a opté pour un système de capteurs de pluie, afin de ne plus avoir à se soucier de précipitations imprévues et de continuer à profiter du plein air.</p>
</div></div></div></div></div></div></div></section>
