{"id":33610,"date":"2024-07-29T14:25:02","date_gmt":"2024-07-29T12:25:02","guid":{"rendered":"https:\/\/kauma.es\/caso-de-estudio\/uma-villa-marbellense-cortinas-de-vidro-multiposicao-para-a-pergola-bioclimatica-nimbo\/"},"modified":"2026-04-24T11:57:36","modified_gmt":"2026-04-24T09:57:36","slug":"uma-villa-marbellense-cortinas-de-vidro-multiposicao-para-a-pergola-bioclimatica-nimbo","status":"publish","type":"caso-de-estudio","link":"https:\/\/kauma.es\/pt-pt\/caso-de-estudio\/uma-villa-marbellense-cortinas-de-vidro-multiposicao-para-a-pergola-bioclimatica-nimbo\/","title":{"rendered":"Uma villa marbellense: cortinas de vidro multiposi\u00e7\u00e3o para a p\u00e9rgola bioclim\u00e1tica Nimbo"},"content":{"rendered":"<section class=\"l-section wpb_row height_auto\"><div class=\"l-section-h i-cf\"><div class=\"g-cols vc_row via_flex valign_top type_default stacking_default\"><div class=\"vc_col-sm-6 wpb_column vc_column_container\"><div class=\"vc_column-inner\"><div class=\"wpb_wrapper\"><div class=\"w-text\"><span class=\"w-text-h\"><span class=\"w-text-value\">O DESAFIO<\/span><\/span><\/div><div class=\"w-separator size_medium\"><\/div><h2 class=\"w-text us_custom_47025d36\"><span class=\"w-text-h\"><span class=\"w-text-value\">Cortinas de vidro multiposi\u00e7\u00e3o&lt;br&gt;numa p\u00e9rgola bioclim\u00e1tica.<\/span><\/span><\/h2><\/div><\/div><\/div><div class=\"vc_col-sm-6 wpb_column vc_column_container\"><div class=\"vc_column-inner\"><div class=\"wpb_wrapper\"><div class=\"wpb_text_column us_custom_35d02291\"><div class=\"wpb_wrapper\"><p>A sala da piscina desta villa marbelense precisava de uma imponente estrutura de p\u00e9rgola bioclim\u00e1tica e de um fecho perimetral com cortinas de vidro. O que \u00e0 primeira vista podia parecer simples complicava-se com um pedido: todas as cortinas tinham de ficar no mesmo parking e, al\u00e9m disso, cumprir eficazmente a fun\u00e7\u00e3o de fecho tanto na frente como nas laterais da p\u00e9rgola. Um desafio que inclu\u00eda recuar os pilares para facilitar a passagem das cortinas de vidro; calcular a largura dos vidros para que, num determinado momento, os vidros da frente fechassem as laterais; e refor\u00e7ar um parking capaz de suportar tal quantidade de vidro.<\/p>\n<\/div><\/div><\/div><\/div><\/div><\/div><\/div><\/section><section class=\"l-section wpb_row us_custom_c70c97eb height_auto\"><div class=\"l-section-h i-cf\"><div class=\"g-cols vc_row via_flex valign_top type_default stacking_default\"><div class=\"vc_col-sm-12 wpb_column vc_column_container\"><div class=\"vc_column-inner\"><div class=\"wpb_wrapper\"><div class=\"w-grid us_carousel type_carousel layout_16563 preload_style_spinner\" id=\"us_grid_1\"><style>.layout_16563 .w-grid-item-h{}.layout_16563 .usg_post_image_1{margin-left:15px!important;margin-right:15px!important}<\/style><div class=\"w-grid-list owl-carousel valign_stretch dotstyle_circle navstyle_circle arrows-ver-pos_middle arrows-hor-pos_on_sides_outside arrows-disabled_hide owl-responsive-2000 with_dots\" style=\"--transition-duration:0ms;\">\t<article class=\"w-grid-item post-22061 attachment type-attachment status-inherit hentry\" data-id=\"22061\">\r\n\t\t<div class=\"w-grid-item-h\">\r\n\t\t\t\t\t\t<div class=\"w-post-elm post_image usg_post_image_1 stretched\"><img loading=\"lazy\" decoding=\"async\" width=\"1024\" height=\"768\" src=\"https:\/\/kauma.es\/wp-content\/uploads\/2024\/07\/Carrusel-Res-Paraiso1-2-1024x768.jpg\" class=\"attachment-large size-large\" alt=\"\" srcset=\"https:\/\/kauma.es\/wp-content\/uploads\/2024\/07\/Carrusel-Res-Paraiso1-2-1024x768.jpg 1024w, https:\/\/kauma.es\/wp-content\/uploads\/2024\/07\/Carrusel-Res-Paraiso1-2-300x225.jpg 300w, https:\/\/kauma.es\/wp-content\/uploads\/2024\/07\/Carrusel-Res-Paraiso1-2-600x450.jpg 600w\" sizes=\"auto, (max-width: 1024px) 100vw, 1024px\" \/><\/div>\t\t<\/div>\r\n\t\t\t<\/article>\r\n<\/div><div class=\"w-grid-carousel-json hidden\" onclick='return {&quot;carousel_settings&quot;:{&quot;aria_labels&quot;:{&quot;prev&quot;:&quot;Anterior&quot;,&quot;next&quot;:&quot;Seguinte&quot;},&quot;autoplayContinual&quot;:false,&quot;autoplayContinualCss&quot;:false,&quot;autoplayHoverPause&quot;:false,&quot;autoplayTimeout&quot;:3000,&quot;autoWidth&quot;:false,&quot;smartSpeed&quot;:0,&quot;margin&quot;:0,&quot;mouseDrag&quot;:true,&quot;rtl&quot;:false,&quot;slideBy&quot;:&quot;1&quot;,&quot;touchDrag&quot;:true,&quot;slideTransition&quot;:&quot;&quot;,&quot;responsive&quot;:{&quot;0&quot;:{&quot;autoHeight&quot;:false,&quot;autoplay&quot;:false,&quot;autoplayContinualCss&quot;:false,&quot;autoWidth&quot;:false,&quot;center&quot;:false,&quot;dots&quot;:false,&quot;items&quot;:1,&quot;loop&quot;:false,&quot;nav&quot;:false,&quot;stagePadding&quot;:0,&quot;slideBy&quot;:&quot;1&quot;,&quot;touchDrag&quot;:true,&quot;mouseDrag&quot;:true},&quot;601&quot;:{&quot;items&quot;:1,&quot;autoplay&quot;:true,&quot;autoplayContinualCss&quot;:false,&quot;center&quot;:false,&quot;dots&quot;:true,&quot;nav&quot;:false,&quot;autoHeight&quot;:false,&quot;autoWidth&quot;:false,&quot;loop&quot;:false,&quot;stagePadding&quot;:5}}}}'><\/div><\/div><\/div><\/div><\/div><\/div><\/div><\/section><section class=\"l-section wpb_row height_auto\"><div class=\"l-section-h i-cf\"><div class=\"g-cols vc_row via_flex valign_top type_default stacking_default\"><div class=\"vc_col-sm-6 wpb_column vc_column_container\"><div class=\"vc_column-inner\"><div class=\"wpb_wrapper\"><div class=\"w-text\"><span class=\"w-text-h\"><span class=\"w-text-value\">A SOLU\u00c7\u00c3O KAUMA<\/span><\/span><\/div><div class=\"w-separator size_medium\"><\/div><h2 class=\"w-text us_custom_47025d36\"><span class=\"w-text-h\"><span class=\"w-text-value\">Estacionamento refor\u00e7ado&lt;br&gt;e fixa\u00e7\u00f5es ao solo milim\u00e9tricas.<\/span><\/span><\/h2><\/div><\/div><\/div><div class=\"vc_col-sm-6 wpb_column vc_column_container\"><div class=\"vc_column-inner\"><div class=\"wpb_wrapper\"><div class=\"wpb_text_column us_custom_35d02291\"><div class=\"wpb_wrapper\"><p>Pela sua versatilidade e robustez, o sistema de cortinas de vidro escolhido foi o Gravital 400, sem guias no ch\u00e3o. O c\u00e1lculo da largura das folhas foi t\u00e3o preciso como um rel\u00f3gio su\u00ed\u00e7o. <\/p>\n<p>Conseguimos que qualquer vidro pudesse fechar tanto na frente, como nas laterais e na traseira da p\u00e9rgola. Refor\u00e7\u00e1mos o parking para albergar as 38 folhas do sistema, com mais de 2200 kg de peso. <\/p>\n<p>No que diz respeito \u00e0 p\u00e9rgola bioclim\u00e1tica, composta por quatro m\u00f3dulos, os pilares de canto foram deslocados para facilitar a abertura das cortinas de vidro. A Karen queria um interior completamente di\u00e1fano, sem pilar central. O peso foi compensado com os pilares laterais. Entre outros detalhes, lac\u00e1mos o perfil inferior da folha numa cor diferente da do perfil superior. Adicion\u00e1mos toldos para os dias de ver\u00e3o em que o sol \u00e9 mais intenso. Como particularidade, os toldos t\u00eam bra\u00e7os extensores para os fixar aos pilares mais pr\u00f3ximos (recordamos que os pilares est\u00e3o recuados). Para o inverno, inclu\u00edmos um sistema de aquecimento. Os focos das l\u00e2minas garantem a luminosidade necess\u00e1ria durante a noite.<\/p>\n<\/div><\/div><\/div><\/div><\/div><\/div><\/div><\/section>\n","protected":false},"excerpt":{"rendered":"<p>Multiplica a sala ocupando o m\u00ednimo espa\u00e7o com Gravital 400.<\/p>\n","protected":false},"featured_media":22061,"template":"","meta":{"_acf_changed":false},"categoria-casos-de-estudio":[40],"class_list":["post-33610","caso-de-estudio","type-caso-de-estudio","status-publish","has-post-thumbnail","hentry","categoria-casos-de-estudio-residencial"],"acf":[],"_links":{"self":[{"href":"https:\/\/kauma.es\/pt-pt\/wp-json\/wp\/v2\/caso-de-estudio\/33610","targetHints":{"allow":["GET"]}}],"collection":[{"href":"https:\/\/kauma.es\/pt-pt\/wp-json\/wp\/v2\/caso-de-estudio"}],"about":[{"href":"https:\/\/kauma.es\/pt-pt\/wp-json\/wp\/v2\/types\/caso-de-estudio"}],"wp:featuredmedia":[{"embeddable":true,"href":"https:\/\/kauma.es\/pt-pt\/wp-json\/wp\/v2\/media\/22061"}],"wp:attachment":[{"href":"https:\/\/kauma.es\/pt-pt\/wp-json\/wp\/v2\/media?parent=33610"}],"wp:term":[{"taxonomy":"categoria-casos-de-estudio","embeddable":true,"href":"https:\/\/kauma.es\/pt-pt\/wp-json\/wp\/v2\/categoria-casos-de-estudio?post=33610"}],"curies":[{"name":"wp","href":"https:\/\/api.w.org\/{rel}","templated":true}]}}

Uma villa marbellense: cortinas de vidro multiposição para a pérgola bioclimática Nimbo

<section class="l-section wpb_row height_auto"><div class="l-section-h i-cf"><div class="g-cols vc_row via_flex valign_top type_default stacking_default"><div class="vc_col-sm-6 wpb_column vc_column_container"><div class="vc_column-inner"><div class="wpb_wrapper"><div class="w-text"><span class="w-text-h"><span class="w-text-value">O DESAFIO</span></span></div><div class="w-separator size_medium"></div><h2 class="w-text us_custom_47025d36"><span class="w-text-h"><span class="w-text-value">Cortinas de vidro multiposição&lt;br&gt;numa pérgola bioclimática.</span></span></h2></div></div></div><div class="vc_col-sm-6 wpb_column vc_column_container"><div class="vc_column-inner"><div class="wpb_wrapper"><div class="wpb_text_column us_custom_35d02291"><div class="wpb_wrapper"><p>A sala da piscina desta villa marbelense precisava de uma imponente estrutura de pérgola bioclimática e de um fecho perimetral com cortinas de vidro. O que à primeira vista podia parecer simples complicava-se com um pedido: todas as cortinas tinham de ficar no mesmo parking e, além disso, cumprir eficazmente a função de fecho tanto na frente como nas laterais da pérgola. Um desafio que incluía recuar os pilares para facilitar a passagem das cortinas de vidro; calcular a largura dos vidros para que, num determinado momento, os vidros da frente fechassem as laterais; e reforçar um parking capaz de suportar tal quantidade de vidro.</p>
</div></div></div></div></div></div></div></section><section class="l-section wpb_row us_custom_c70c97eb height_auto"><div class="l-section-h i-cf"><div class="g-cols vc_row via_flex valign_top type_default stacking_default"><div class="vc_col-sm-12 wpb_column vc_column_container"><div class="vc_column-inner"><div class="wpb_wrapper"><div class="w-grid us_carousel type_carousel layout_16563 preload_style_spinner" id="us_grid_1"><style>.layout_16563 .w-grid-item-h{}.layout_16563 .usg_post_image_1{margin-left:15px!important;margin-right:15px!important}</style><div class="w-grid-list owl-carousel valign_stretch dotstyle_circle navstyle_circle arrows-ver-pos_middle arrows-hor-pos_on_sides_outside arrows-disabled_hide owl-responsive-2000 with_dots" style="--transition-duration:0ms;">	<article class="w-grid-item post-22061 attachment type-attachment status-inherit hentry" data-id="22061">
		<div class="w-grid-item-h">
						<div class="w-post-elm post_image usg_post_image_1 stretched"><img loading="lazy" decoding="async" width="1024" height="768" src="https://kauma.es/wp-content/uploads/2024/07/Carrusel-Res-Paraiso1-2-1024x768.jpg" class="attachment-large size-large" alt="" srcset="https://kauma.es/wp-content/uploads/2024/07/Carrusel-Res-Paraiso1-2-1024x768.jpg 1024w, https://kauma.es/wp-content/uploads/2024/07/Carrusel-Res-Paraiso1-2-300x225.jpg 300w, https://kauma.es/wp-content/uploads/2024/07/Carrusel-Res-Paraiso1-2-600x450.jpg 600w" sizes="auto, (max-width: 1024px) 100vw, 1024px" /></div>		</div>
			</article>
</div><div class="w-grid-carousel-json hidden" onclick='return {&quot;carousel_settings&quot;:{&quot;aria_labels&quot;:{&quot;prev&quot;:&quot;Anterior&quot;,&quot;next&quot;:&quot;Seguinte&quot;},&quot;autoplayContinual&quot;:false,&quot;autoplayContinualCss&quot;:false,&quot;autoplayHoverPause&quot;:false,&quot;autoplayTimeout&quot;:3000,&quot;autoWidth&quot;:false,&quot;smartSpeed&quot;:0,&quot;margin&quot;:0,&quot;mouseDrag&quot;:true,&quot;rtl&quot;:false,&quot;slideBy&quot;:&quot;1&quot;,&quot;touchDrag&quot;:true,&quot;slideTransition&quot;:&quot;&quot;,&quot;responsive&quot;:{&quot;0&quot;:{&quot;autoHeight&quot;:false,&quot;autoplay&quot;:false,&quot;autoplayContinualCss&quot;:false,&quot;autoWidth&quot;:false,&quot;center&quot;:false,&quot;dots&quot;:false,&quot;items&quot;:1,&quot;loop&quot;:false,&quot;nav&quot;:false,&quot;stagePadding&quot;:0,&quot;slideBy&quot;:&quot;1&quot;,&quot;touchDrag&quot;:true,&quot;mouseDrag&quot;:true},&quot;601&quot;:{&quot;items&quot;:1,&quot;autoplay&quot;:true,&quot;autoplayContinualCss&quot;:false,&quot;center&quot;:false,&quot;dots&quot;:true,&quot;nav&quot;:false,&quot;autoHeight&quot;:false,&quot;autoWidth&quot;:false,&quot;loop&quot;:false,&quot;stagePadding&quot;:5}}}}'></div></div></div></div></div></div></div></section><section class="l-section wpb_row height_auto"><div class="l-section-h i-cf"><div class="g-cols vc_row via_flex valign_top type_default stacking_default"><div class="vc_col-sm-6 wpb_column vc_column_container"><div class="vc_column-inner"><div class="wpb_wrapper"><div class="w-text"><span class="w-text-h"><span class="w-text-value">A SOLUÇÃO KAUMA</span></span></div><div class="w-separator size_medium"></div><h2 class="w-text us_custom_47025d36"><span class="w-text-h"><span class="w-text-value">Estacionamento reforçado&lt;br&gt;e fixações ao solo milimétricas.</span></span></h2></div></div></div><div class="vc_col-sm-6 wpb_column vc_column_container"><div class="vc_column-inner"><div class="wpb_wrapper"><div class="wpb_text_column us_custom_35d02291"><div class="wpb_wrapper"><p>Pela sua versatilidade e robustez, o sistema de cortinas de vidro escolhido foi o Gravital 400, sem guias no chão. O cálculo da largura das folhas foi tão preciso como um relógio suíço. </p>
<p>Conseguimos que qualquer vidro pudesse fechar tanto na frente, como nas laterais e na traseira da pérgola. Reforçámos o parking para albergar as 38 folhas do sistema, com mais de 2200 kg de peso. </p>
<p>No que diz respeito à pérgola bioclimática, composta por quatro módulos, os pilares de canto foram deslocados para facilitar a abertura das cortinas de vidro. A Karen queria um interior completamente diáfano, sem pilar central. O peso foi compensado com os pilares laterais. Entre outros detalhes, lacámos o perfil inferior da folha numa cor diferente da do perfil superior. Adicionámos toldos para os dias de verão em que o sol é mais intenso. Como particularidade, os toldos têm braços extensores para os fixar aos pilares mais próximos (recordamos que os pilares estão recuados). Para o inverno, incluímos um sistema de aquecimento. Os focos das lâminas garantem a luminosidade necessária durante a noite.</p>
</div></div></div></div></div></div></div></section>

<p>Multiplica a sala ocupando o mínimo espaço com Gravital 400.</p>
