{"id":33611,"date":"2024-07-29T14:24:33","date_gmt":"2024-07-29T12:24:33","guid":{"rendered":"https:\/\/kauma.es\/caso-de-estudio\/embassy-madrid-1931\/"},"modified":"2026-04-24T12:03:21","modified_gmt":"2026-04-24T10:03:21","slug":"embassy-madrid-1931","status":"publish","type":"caso-de-estudio","link":"https:\/\/kauma.es\/pt-pt\/caso-de-estudio\/embassy-madrid-1931\/","title":{"rendered":"Embassy Madrid 1931"},"content":{"rendered":"<section class=\"l-section wpb_row height_auto\"><div class=\"l-section-h i-cf\"><div class=\"g-cols vc_row via_flex valign_top type_default stacking_default\"><div class=\"vc_col-sm-6 wpb_column vc_column_container\"><div class=\"vc_column-inner\"><div class=\"wpb_wrapper\"><div class=\"w-text\"><span class=\"w-text-h\"><span class=\"w-text-value\">O DESAFIO<\/span><\/span><\/div><div class=\"w-separator size_medium\"><\/div><h2 class=\"w-text us_custom_47025d36\"><span class=\"w-text-h\"><span class=\"w-text-value\">Terraza confort\u00e1vel e adaptada \u00e0 normativa do espa\u00e7o p\u00fablico.<\/span><\/span><\/h2><\/div><\/div><\/div><div class=\"vc_col-sm-6 wpb_column vc_column_container\"><div class=\"vc_column-inner\"><div class=\"wpb_wrapper\"><div class=\"wpb_text_column us_custom_35d02291\"><div class=\"wpb_wrapper\"><p>A pastelaria Embassy, com cerca de 90 anos de hist\u00f3ria, queria dispor de uma esplanada \u00e0 altura da sua clientela exigente. A sua localiza\u00e7\u00e3o, no cora\u00e7\u00e3o gastron\u00f3mico da cidade, n\u00e3o tinha prote\u00e7\u00e3o contra v\u00e1rios agentes: uma rua muito movimentada, a queda de folhas e o mau tempo. <\/p>\n<p>No momento em que contactaram a Kauma, o espa\u00e7o tinha ainda um ch\u00e3o em declive. Um projeto 360\u00ba: nivelamento do solo, prote\u00e7\u00e3o horizontal e fechamento vertical, sem esquecer a normativa do espa\u00e7o p\u00fablico.<\/p>\n<\/div><\/div><\/div><\/div><\/div><\/div><\/div><\/section><section class=\"l-section wpb_row us_custom_c70c97eb height_auto\"><div class=\"l-section-h i-cf\"><div class=\"g-cols vc_row via_flex valign_top type_default stacking_default\"><div class=\"vc_col-sm-12 wpb_column vc_column_container\"><div class=\"vc_column-inner\"><div class=\"wpb_wrapper\"><div class=\"w-grid-none type_message\">Nenhum resultado encontrado.<\/div><\/div><\/div><\/div><\/div><\/div><\/section><section class=\"l-section wpb_row height_auto\"><div class=\"l-section-h i-cf\"><div class=\"g-cols vc_row via_flex valign_top type_default stacking_default\"><div class=\"vc_col-sm-6 wpb_column vc_column_container\"><div class=\"vc_column-inner\"><div class=\"wpb_wrapper\"><div class=\"w-text\"><span class=\"w-text-h\"><span class=\"w-text-value\">A SOLU\u00c7\u00c3O KAUMA<\/span><\/span><\/div><div class=\"w-separator size_medium\"><\/div><h2 class=\"w-text us_custom_47025d36\"><span class=\"w-text-h\"><span class=\"w-text-value\">Um projeto 360\u00ba com ch\u00e3o,&lt;br&gt;teto e pain\u00e9is.<\/span><\/span><\/h2><\/div><\/div><\/div><div class=\"vc_col-sm-6 wpb_column vc_column_container\"><div class=\"vc_column-inner\"><div class=\"wpb_wrapper\"><div class=\"wpb_text_column us_custom_35d02291\"><div class=\"wpb_wrapper\"><p>Come\u00e7\u00e1mos por nivelar o ch\u00e3o com uma estrutura de deck Kauma. Sobre a mesma, a solu\u00e7\u00e3o de teto m\u00f3vel Tactic 120. Assim, quando as condi\u00e7\u00f5es clim\u00e1ticas s\u00e3o favor\u00e1veis, o teto fica aberto \u00e0 brisa. Os pain\u00e9is s\u00e3o de policarbonato celular de \u00faltima gera\u00e7\u00e3o, o que permite a passagem da luz natural filtrando os raios ultravioleta, respons\u00e1veis pelo efeito de estufa. Quando cai a noite, os focos LED integrados na perfilaria satisfazem na perfei\u00e7\u00e3o as necessidades de ilumina\u00e7\u00e3o.    <\/p>\n<p>Em vertical, propusemos para a Embassy o para-vento Extenda. Este sistema \u00e9 um para-vento elev\u00e1vel e cumpre m\u00faltiplas fun\u00e7\u00f5es: fechado, funciona como grade de seguran\u00e7a, devido ao risco de queda causado pela diferen\u00e7a de n\u00edvel resultante do nivelamento do ch\u00e3o; estendido, chega at\u00e9 \u00e0 parte superior do teto, fechando e protegendo completamente os clientes. O acesso \u00e0 esplanada faz-se por uma porta, tamb\u00e9m criada pela Kauma, que refor\u00e7a a prote\u00e7\u00e3o em dias cinzentos.<\/p>\n<\/div><\/div><\/div><\/div><\/div><\/div><\/div><\/section>\n","protected":false},"excerpt":{"rendered":"<p>Um projeto integral<br \/>com nivelamento do solo,<br \/>teto m\u00f3vel e para-ventos<br \/>multifuncionais.<\/p>\n","protected":false},"featured_media":19805,"template":"","meta":{"_acf_changed":false},"categoria-casos-de-estudio":[39],"class_list":["post-33611","caso-de-estudio","type-caso-de-estudio","status-publish","has-post-thumbnail","hentry","categoria-casos-de-estudio-comercial"],"acf":[],"_links":{"self":[{"href":"https:\/\/kauma.es\/pt-pt\/wp-json\/wp\/v2\/caso-de-estudio\/33611","targetHints":{"allow":["GET"]}}],"collection":[{"href":"https:\/\/kauma.es\/pt-pt\/wp-json\/wp\/v2\/caso-de-estudio"}],"about":[{"href":"https:\/\/kauma.es\/pt-pt\/wp-json\/wp\/v2\/types\/caso-de-estudio"}],"wp:featuredmedia":[{"embeddable":true,"href":"https:\/\/kauma.es\/pt-pt\/wp-json\/wp\/v2\/media\/19805"}],"wp:attachment":[{"href":"https:\/\/kauma.es\/pt-pt\/wp-json\/wp\/v2\/media?parent=33611"}],"wp:term":[{"taxonomy":"categoria-casos-de-estudio","embeddable":true,"href":"https:\/\/kauma.es\/pt-pt\/wp-json\/wp\/v2\/categoria-casos-de-estudio?post=33611"}],"curies":[{"name":"wp","href":"https:\/\/api.w.org\/{rel}","templated":true}]}}

<section class="l-section wpb_row height_auto"><div class="l-section-h i-cf"><div class="g-cols vc_row via_flex valign_top type_default stacking_default"><div class="vc_col-sm-6 wpb_column vc_column_container"><div class="vc_column-inner"><div class="wpb_wrapper"><div class="w-text"><span class="w-text-h"><span class="w-text-value">O DESAFIO</span></span></div><div class="w-separator size_medium"></div><h2 class="w-text us_custom_47025d36"><span class="w-text-h"><span class="w-text-value">Terraza confortável e adaptada à normativa do espaço público.</span></span></h2></div></div></div><div class="vc_col-sm-6 wpb_column vc_column_container"><div class="vc_column-inner"><div class="wpb_wrapper"><div class="wpb_text_column us_custom_35d02291"><div class="wpb_wrapper"><p>A pastelaria Embassy, com cerca de 90 anos de história, queria dispor de uma esplanada à altura da sua clientela exigente. A sua localização, no coração gastronómico da cidade, não tinha proteção contra vários agentes: uma rua muito movimentada, a queda de folhas e o mau tempo. </p>
<p>No momento em que contactaram a Kauma, o espaço tinha ainda um chão em declive. Um projeto 360º: nivelamento do solo, proteção horizontal e fechamento vertical, sem esquecer a normativa do espaço público.</p>
</div></div></div></div></div></div></div></section><section class="l-section wpb_row us_custom_c70c97eb height_auto"><div class="l-section-h i-cf"><div class="g-cols vc_row via_flex valign_top type_default stacking_default"><div class="vc_col-sm-12 wpb_column vc_column_container"><div class="vc_column-inner"><div class="wpb_wrapper"><div class="w-grid-none type_message">Nenhum resultado encontrado.</div></div></div></div></div></div></section><section class="l-section wpb_row height_auto"><div class="l-section-h i-cf"><div class="g-cols vc_row via_flex valign_top type_default stacking_default"><div class="vc_col-sm-6 wpb_column vc_column_container"><div class="vc_column-inner"><div class="wpb_wrapper"><div class="w-text"><span class="w-text-h"><span class="w-text-value">A SOLUÇÃO KAUMA</span></span></div><div class="w-separator size_medium"></div><h2 class="w-text us_custom_47025d36"><span class="w-text-h"><span class="w-text-value">Um projeto 360º com chão,&lt;br&gt;teto e painéis.</span></span></h2></div></div></div><div class="vc_col-sm-6 wpb_column vc_column_container"><div class="vc_column-inner"><div class="wpb_wrapper"><div class="wpb_text_column us_custom_35d02291"><div class="wpb_wrapper"><p>Começámos por nivelar o chão com uma estrutura de deck Kauma. Sobre a mesma, a solução de teto móvel Tactic 120. Assim, quando as condições climáticas são favoráveis, o teto fica aberto à brisa. Os painéis são de policarbonato celular de última geração, o que permite a passagem da luz natural filtrando os raios ultravioleta, responsáveis pelo efeito de estufa. Quando cai a noite, os focos LED integrados na perfilaria satisfazem na perfeição as necessidades de iluminação.    </p>
<p>Em vertical, propusemos para a Embassy o para-vento Extenda. Este sistema é um para-vento elevável e cumpre múltiplas funções: fechado, funciona como grade de segurança, devido ao risco de queda causado pela diferença de nível resultante do nivelamento do chão; estendido, chega até à parte superior do teto, fechando e protegendo completamente os clientes. O acesso à esplanada faz-se por uma porta, também criada pela Kauma, que reforça a proteção em dias cinzentos.</p>
</div></div></div></div></div></div></div></section>

<p>Um projeto integral<br />com nivelamento do solo,<br />teto móvel e para-ventos<br />multifuncionais.</p>
