{"id":33612,"date":"2024-07-29T14:24:22","date_gmt":"2024-07-29T12:24:22","guid":{"rendered":"https:\/\/kauma.es\/caso-de-estudio\/restaurante-paraiso\/"},"modified":"2026-04-24T12:10:53","modified_gmt":"2026-04-24T10:10:53","slug":"restaurante-paraiso","status":"publish","type":"caso-de-estudio","link":"https:\/\/kauma.es\/pt-pt\/caso-de-estudio\/restaurante-paraiso\/","title":{"rendered":"Restaurante Para\u00edso"},"content":{"rendered":"<section class=\"l-section wpb_row height_auto\"><div class=\"l-section-h i-cf\"><div class=\"g-cols vc_row via_flex valign_top type_default stacking_default\"><div class=\"vc_col-sm-6 wpb_column vc_column_container\"><div class=\"vc_column-inner\"><div class=\"wpb_wrapper\"><div class=\"w-text\"><span class=\"w-text-h\"><span class=\"w-text-value\">O DESAFIO<\/span><\/span><\/div><div class=\"w-separator size_medium\"><\/div><h2 class=\"w-text us_custom_47025d36\"><span class=\"w-text-h\"><span class=\"w-text-value\">Claro: \u00e0 beira da praia, com os seus pr\u00f3s e contras.<\/span><\/span><\/h2><\/div><\/div><\/div><div class=\"vc_col-sm-6 wpb_column vc_column_container\"><div class=\"vc_column-inner\"><div class=\"wpb_wrapper\"><div class=\"wpb_text_column us_custom_35d02291\"><div class=\"wpb_wrapper\"><p>O que come\u00e7ou por ser um pequeno quiosque \u00e0 beira da praia transformou-se, ao longo de alguns anos, num restaurante de refer\u00eancia na Praia de Luz, em Portugal. Assim, o restaurante Para\u00edso tinha de fazer jus ao seu nome e oferecer aos clientes um ambiente confort\u00e1vel: proteg\u00ea-los das rajadas de vento, da areia e do salitre no ver\u00e3o, e ir al\u00e9m da temporada estival. O Para\u00edso queria ser um restaurante aberto para o mar, para ser desfrutado em qualquer \u00e9poca do ano.<\/p>\n<\/div><\/div><\/div><\/div><\/div><\/div><\/div><\/section><section class=\"l-section wpb_row us_custom_c70c97eb height_auto\"><div class=\"l-section-h i-cf\"><div class=\"g-cols vc_row via_flex valign_top type_default stacking_default\"><div class=\"vc_col-sm-12 wpb_column vc_column_container\"><div class=\"vc_column-inner\"><div class=\"wpb_wrapper\"><div class=\"w-grid-none type_message\">Nenhum resultado encontrado.<\/div><\/div><\/div><\/div><\/div><\/div><\/section><section class=\"l-section wpb_row height_auto\"><div class=\"l-section-h i-cf\"><div class=\"g-cols vc_row via_flex valign_top type_default stacking_default\"><div class=\"vc_col-sm-6 wpb_column vc_column_container\"><div class=\"vc_column-inner\"><div class=\"wpb_wrapper\"><div class=\"w-text\"><span class=\"w-text-h\"><span class=\"w-text-value\">A SOLU\u00c7\u00c3O KAUMA<\/span><\/span><\/div><div class=\"w-separator size_medium\"><\/div><h2 class=\"w-text us_custom_47025d36\"><span class=\"w-text-h\"><span class=\"w-text-value\">Quando as vistas s\u00e3o o melhor de todos os elementos.<\/span><\/span><\/h2><\/div><\/div><\/div><div class=\"vc_col-sm-6 wpb_column vc_column_container\"><div class=\"vc_column-inner\"><div class=\"wpb_wrapper\"><div class=\"wpb_text_column us_custom_35d02291\"><div class=\"wpb_wrapper\"><p>Instal\u00e1mos seis m\u00f3dulos de Nimbo para cobrir uma \u00e1rea de 150 m\u00b2 de terra\u00e7o aberto para o mar. A p\u00e9rgola inclui um balan\u00e7o est\u00e9tico e funcional: este elemento adicional cria uma prote\u00e7\u00e3o de sombra extra, t\u00e3o agrad\u00e1vel quando se conversa \u00e0 volta de uma mesa. <\/p>\n<p>A edifica\u00e7\u00e3o original encontra-se desprovida de outros elementos arquitet\u00f3nicos que a protejam das rajadas de vento. Para evitar poss\u00edveis deforma\u00e7\u00f5es da p\u00e9rgola, acrescent\u00e1mos dois cabos de a\u00e7o com tensores em cada uma das vigas, fixados \u00e0 estrutura do edif\u00edcio; al\u00e9m disso, cumprem uma fun\u00e7\u00e3o est\u00e9tica, assemelhando-se \u00e0s cordas marinheiras dos pesqueiros da zona. <\/p>\n<p>Em vertical, cri\u00e1mos uma zona de conforto com cortinas de vidro em v\u00e1rias aberturas e m\u00faltiplas zonas de estacionamento. Sem perfilaria vertical, potenciamos a vista panor\u00e2mica do espa\u00e7o, que agora pode ser usado durante todo o ano.<\/p>\n<\/div><\/div><\/div><\/div><\/div><\/div><\/div><\/section>\n","protected":false},"excerpt":{"rendered":"<p>Terra\u00e7o bioclim\u00e1tico aberto para o mar, para se sentar \u00e0 mesa tanto no ver\u00e3o como no inverno.<\/p>\n","protected":false},"featured_media":22045,"template":"","meta":{"_acf_changed":false},"categoria-casos-de-estudio":[39],"class_list":["post-33612","caso-de-estudio","type-caso-de-estudio","status-publish","has-post-thumbnail","hentry","categoria-casos-de-estudio-comercial"],"acf":[],"_links":{"self":[{"href":"https:\/\/kauma.es\/pt-pt\/wp-json\/wp\/v2\/caso-de-estudio\/33612","targetHints":{"allow":["GET"]}}],"collection":[{"href":"https:\/\/kauma.es\/pt-pt\/wp-json\/wp\/v2\/caso-de-estudio"}],"about":[{"href":"https:\/\/kauma.es\/pt-pt\/wp-json\/wp\/v2\/types\/caso-de-estudio"}],"wp:featuredmedia":[{"embeddable":true,"href":"https:\/\/kauma.es\/pt-pt\/wp-json\/wp\/v2\/media\/22045"}],"wp:attachment":[{"href":"https:\/\/kauma.es\/pt-pt\/wp-json\/wp\/v2\/media?parent=33612"}],"wp:term":[{"taxonomy":"categoria-casos-de-estudio","embeddable":true,"href":"https:\/\/kauma.es\/pt-pt\/wp-json\/wp\/v2\/categoria-casos-de-estudio?post=33612"}],"curies":[{"name":"wp","href":"https:\/\/api.w.org\/{rel}","templated":true}]}}

Restaurante Paraíso

<section class="l-section wpb_row height_auto"><div class="l-section-h i-cf"><div class="g-cols vc_row via_flex valign_top type_default stacking_default"><div class="vc_col-sm-6 wpb_column vc_column_container"><div class="vc_column-inner"><div class="wpb_wrapper"><div class="w-text"><span class="w-text-h"><span class="w-text-value">O DESAFIO</span></span></div><div class="w-separator size_medium"></div><h2 class="w-text us_custom_47025d36"><span class="w-text-h"><span class="w-text-value">Claro: à beira da praia, com os seus prós e contras.</span></span></h2></div></div></div><div class="vc_col-sm-6 wpb_column vc_column_container"><div class="vc_column-inner"><div class="wpb_wrapper"><div class="wpb_text_column us_custom_35d02291"><div class="wpb_wrapper"><p>O que começou por ser um pequeno quiosque à beira da praia transformou-se, ao longo de alguns anos, num restaurante de referência na Praia de Luz, em Portugal. Assim, o restaurante Paraíso tinha de fazer jus ao seu nome e oferecer aos clientes um ambiente confortável: protegê-los das rajadas de vento, da areia e do salitre no verão, e ir além da temporada estival. O Paraíso queria ser um restaurante aberto para o mar, para ser desfrutado em qualquer época do ano.</p>
</div></div></div></div></div></div></div></section><section class="l-section wpb_row us_custom_c70c97eb height_auto"><div class="l-section-h i-cf"><div class="g-cols vc_row via_flex valign_top type_default stacking_default"><div class="vc_col-sm-12 wpb_column vc_column_container"><div class="vc_column-inner"><div class="wpb_wrapper"><div class="w-grid-none type_message">Nenhum resultado encontrado.</div></div></div></div></div></div></section><section class="l-section wpb_row height_auto"><div class="l-section-h i-cf"><div class="g-cols vc_row via_flex valign_top type_default stacking_default"><div class="vc_col-sm-6 wpb_column vc_column_container"><div class="vc_column-inner"><div class="wpb_wrapper"><div class="w-text"><span class="w-text-h"><span class="w-text-value">A SOLUÇÃO KAUMA</span></span></div><div class="w-separator size_medium"></div><h2 class="w-text us_custom_47025d36"><span class="w-text-h"><span class="w-text-value">Quando as vistas são o melhor de todos os elementos.</span></span></h2></div></div></div><div class="vc_col-sm-6 wpb_column vc_column_container"><div class="vc_column-inner"><div class="wpb_wrapper"><div class="wpb_text_column us_custom_35d02291"><div class="wpb_wrapper"><p>Instalámos seis módulos de Nimbo para cobrir uma área de 150 m² de terraço aberto para o mar. A pérgola inclui um balanço estético e funcional: este elemento adicional cria uma proteção de sombra extra, tão agradável quando se conversa à volta de uma mesa. </p>
<p>A edificação original encontra-se desprovida de outros elementos arquitetónicos que a protejam das rajadas de vento. Para evitar possíveis deformações da pérgola, acrescentámos dois cabos de aço com tensores em cada uma das vigas, fixados à estrutura do edifício; além disso, cumprem uma função estética, assemelhando-se às cordas marinheiras dos pesqueiros da zona. </p>
<p>Em vertical, criámos uma zona de conforto com cortinas de vidro em várias aberturas e múltiplas zonas de estacionamento. Sem perfilaria vertical, potenciamos a vista panorâmica do espaço, que agora pode ser usado durante todo o ano.</p>
</div></div></div></div></div></div></div></section>

<p>Terraço bioclimático aberto para o mar, para se sentar à mesa tanto no verão como no inverno.</p>
