{"id":33613,"date":"2024-07-29T14:24:11","date_gmt":"2024-07-29T12:24:11","guid":{"rendered":"https:\/\/kauma.es\/caso-de-estudio\/residencia-francisco-sanchez\/"},"modified":"2026-04-24T12:13:19","modified_gmt":"2026-04-24T10:13:19","slug":"residencia-francisco-sanchez","status":"publish","type":"caso-de-estudio","link":"https:\/\/kauma.es\/pt-pt\/caso-de-estudio\/residencia-francisco-sanchez\/","title":{"rendered":"Residencia Francisco S\u00e1nchez"},"content":{"rendered":"<section class=\"l-section wpb_row height_auto\"><div class=\"l-section-h i-cf\"><div class=\"g-cols vc_row via_flex valign_top type_default stacking_default\"><div class=\"vc_col-sm-6 wpb_column vc_column_container\"><div class=\"vc_column-inner\"><div class=\"wpb_wrapper\"><div class=\"w-text\"><span class=\"w-text-h\"><span class=\"w-text-value\">O DESAFIO<\/span><\/span><\/div><div class=\"w-separator size_medium\"><\/div><h2 class=\"w-text us_custom_8ff44f21\"><span class=\"w-text-h\"><span class=\"w-text-value\">O terra\u00e7o do Francisco S\u00e1nchez, um verdadeiro conceito open air.<\/span><\/span><\/h2><\/div><\/div><\/div><div class=\"vc_col-sm-6 wpb_column vc_column_container\"><div class=\"vc_column-inner\"><div class=\"wpb_wrapper\"><div class=\"wpb_text_column us_custom_35d02291\"><div class=\"wpb_wrapper\"><p>Converter o terra\u00e7o num espa\u00e7o confort\u00e1vel e habit\u00e1vel para todas as idades. Francisco S\u00e1nchez queria ver os seus filhos a brincar no exterior, transformando o terra\u00e7o numa \u00e1rea agrad\u00e1vel para toda a fam\u00edlia. Enquanto as crian\u00e7as brincam, os adultos relaxam com a tranquilidade de viver protegidos. O espa\u00e7o tinha de ser vers\u00e1til e seguro para os mais pequenos da casa.<\/p>\n<\/div><\/div><\/div><\/div><\/div><\/div><\/div><\/section><section class=\"l-section wpb_row us_custom_c70c97eb height_auto\"><div class=\"l-section-h i-cf\"><div class=\"g-cols vc_row via_flex valign_top type_default stacking_default\"><div class=\"vc_col-sm-12 wpb_column vc_column_container\"><div class=\"vc_column-inner\"><div class=\"wpb_wrapper\"><div class=\"w-grid-none type_message\">Nenhum resultado encontrado.<\/div><\/div><\/div><\/div><\/div><\/div><\/section><section class=\"l-section wpb_row height_auto\"><div class=\"l-section-h i-cf\"><div class=\"g-cols vc_row via_flex valign_top type_default stacking_default\"><div class=\"vc_col-sm-6 wpb_column vc_column_container\"><div class=\"vc_column-inner\"><div class=\"wpb_wrapper\"><div class=\"w-text\"><span class=\"w-text-h\"><span class=\"w-text-value\">A SOLU\u00c7\u00c3O KAUMA<\/span><\/span><\/div><div class=\"w-separator size_medium\"><\/div><h2 class=\"w-text us_custom_47025d36\"><span class=\"w-text-h\"><span class=\"w-text-value\">Aqui toda a fam\u00edlia&lt;br&gt;encontra a sua zona de conforto.<\/span><\/span><\/h2><\/div><\/div><\/div><div class=\"vc_col-sm-6 wpb_column vc_column_container\"><div class=\"vc_column-inner\"><div class=\"wpb_wrapper\"><div class=\"wpb_text_column us_custom_35d02291\"><div class=\"wpb_wrapper\"><p>A resposta \u00e0s necessidades de Francisco S\u00e1nchez tem nome pr\u00f3prio: a p\u00e9rgola bioclim\u00e1tica Nimbo. A \u00e1rea a cobrir exigia dois m\u00f3dulos de Nimbo. Assim, para manter o equil\u00edbrio visual, coloc\u00e1mos dois pilares centrados com a porta de entrada. Desta forma, garantimos harmonia est\u00e9tica com o ambiente e uma vis\u00e3o sem obst\u00e1culos.   <\/p>\n<p>As l\u00e2minas orient\u00e1veis d\u00e3o versatilidade ao espa\u00e7o: regulam a luz e a temperatura consoante o clima. Al\u00e9m disso, Francisco S\u00e1nchez optou por um sistema de sensores de chuva para n\u00e3o se preocupar com precipita\u00e7\u00f5es inesperadas e continuar a desfrutar do ar livre.<\/p>\n<\/div><\/div><\/div><\/div><\/div><\/div><\/div><\/section>\n","protected":false},"excerpt":{"rendered":"<p>Um ambiente para<br \/>cada membro da fam\u00edlia<br \/>sob a p\u00e9rgola Nimbo.<\/p>\n","protected":false},"featured_media":22033,"template":"","meta":{"_acf_changed":false},"categoria-casos-de-estudio":[40],"class_list":["post-33613","caso-de-estudio","type-caso-de-estudio","status-publish","has-post-thumbnail","hentry","categoria-casos-de-estudio-residencial"],"acf":[],"_links":{"self":[{"href":"https:\/\/kauma.es\/pt-pt\/wp-json\/wp\/v2\/caso-de-estudio\/33613","targetHints":{"allow":["GET"]}}],"collection":[{"href":"https:\/\/kauma.es\/pt-pt\/wp-json\/wp\/v2\/caso-de-estudio"}],"about":[{"href":"https:\/\/kauma.es\/pt-pt\/wp-json\/wp\/v2\/types\/caso-de-estudio"}],"wp:featuredmedia":[{"embeddable":true,"href":"https:\/\/kauma.es\/pt-pt\/wp-json\/wp\/v2\/media\/22033"}],"wp:attachment":[{"href":"https:\/\/kauma.es\/pt-pt\/wp-json\/wp\/v2\/media?parent=33613"}],"wp:term":[{"taxonomy":"categoria-casos-de-estudio","embeddable":true,"href":"https:\/\/kauma.es\/pt-pt\/wp-json\/wp\/v2\/categoria-casos-de-estudio?post=33613"}],"curies":[{"name":"wp","href":"https:\/\/api.w.org\/{rel}","templated":true}]}}

Residencia Francisco Sánchez

<section class="l-section wpb_row height_auto"><div class="l-section-h i-cf"><div class="g-cols vc_row via_flex valign_top type_default stacking_default"><div class="vc_col-sm-6 wpb_column vc_column_container"><div class="vc_column-inner"><div class="wpb_wrapper"><div class="w-text"><span class="w-text-h"><span class="w-text-value">O DESAFIO</span></span></div><div class="w-separator size_medium"></div><h2 class="w-text us_custom_8ff44f21"><span class="w-text-h"><span class="w-text-value">O terraço do Francisco Sánchez, um verdadeiro conceito open air.</span></span></h2></div></div></div><div class="vc_col-sm-6 wpb_column vc_column_container"><div class="vc_column-inner"><div class="wpb_wrapper"><div class="wpb_text_column us_custom_35d02291"><div class="wpb_wrapper"><p>Converter o terraço num espaço confortável e habitável para todas as idades. Francisco Sánchez queria ver os seus filhos a brincar no exterior, transformando o terraço numa área agradável para toda a família. Enquanto as crianças brincam, os adultos relaxam com a tranquilidade de viver protegidos. O espaço tinha de ser versátil e seguro para os mais pequenos da casa.</p>
</div></div></div></div></div></div></div></section><section class="l-section wpb_row us_custom_c70c97eb height_auto"><div class="l-section-h i-cf"><div class="g-cols vc_row via_flex valign_top type_default stacking_default"><div class="vc_col-sm-12 wpb_column vc_column_container"><div class="vc_column-inner"><div class="wpb_wrapper"><div class="w-grid-none type_message">Nenhum resultado encontrado.</div></div></div></div></div></div></section><section class="l-section wpb_row height_auto"><div class="l-section-h i-cf"><div class="g-cols vc_row via_flex valign_top type_default stacking_default"><div class="vc_col-sm-6 wpb_column vc_column_container"><div class="vc_column-inner"><div class="wpb_wrapper"><div class="w-text"><span class="w-text-h"><span class="w-text-value">A SOLUÇÃO KAUMA</span></span></div><div class="w-separator size_medium"></div><h2 class="w-text us_custom_47025d36"><span class="w-text-h"><span class="w-text-value">Aqui toda a família&lt;br&gt;encontra a sua zona de conforto.</span></span></h2></div></div></div><div class="vc_col-sm-6 wpb_column vc_column_container"><div class="vc_column-inner"><div class="wpb_wrapper"><div class="wpb_text_column us_custom_35d02291"><div class="wpb_wrapper"><p>A resposta às necessidades de Francisco Sánchez tem nome próprio: a pérgola bioclimática Nimbo. A área a cobrir exigia dois módulos de Nimbo. Assim, para manter o equilíbrio visual, colocámos dois pilares centrados com a porta de entrada. Desta forma, garantimos harmonia estética com o ambiente e uma visão sem obstáculos.   </p>
<p>As lâminas orientáveis dão versatilidade ao espaço: regulam a luz e a temperatura consoante o clima. Além disso, Francisco Sánchez optou por um sistema de sensores de chuva para não se preocupar com precipitações inesperadas e continuar a desfrutar do ar livre.</p>
</div></div></div></div></div></div></div></section>

<p>Um ambiente para<br />cada membro da família<br />sob a pérgola Nimbo.</p>
