{"id":33617,"date":"2024-07-29T14:23:19","date_gmt":"2024-07-29T12:23:19","guid":{"rendered":"https:\/\/kauma.es\/caso-de-estudio\/a-cortina-de-vidro-mais-isolante-para-a-confeitaria-com-mais-tradicao-de-sevilha\/"},"modified":"2026-04-24T12:35:27","modified_gmt":"2026-04-24T10:35:27","slug":"a-cortina-de-vidro-mais-isolante-para-a-confeitaria-com-mais-tradicao-de-sevilha","status":"publish","type":"caso-de-estudio","link":"https:\/\/kauma.es\/pt-pt\/caso-de-estudio\/a-cortina-de-vidro-mais-isolante-para-a-confeitaria-com-mais-tradicao-de-sevilha\/","title":{"rendered":"A cortina de vidro mais isolante para a confeitaria com mais tradi\u00e7\u00e3o de Sevilha."},"content":{"rendered":"<section class=\"l-section wpb_row height_auto\"><div class=\"l-section-h i-cf\"><div class=\"g-cols vc_row via_flex valign_top type_default stacking_default\"><div class=\"vc_col-sm-6 wpb_column vc_column_container\"><div class=\"vc_column-inner\"><div class=\"wpb_wrapper\"><div class=\"w-text\"><span class=\"w-text-h\"><span class=\"w-text-value\">O DESAFIO<\/span><\/span><\/div><div class=\"w-separator size_medium\"><\/div><h3 class=\"w-text us_custom_47025d36\"><span class=\"w-text-h\"><span class=\"w-text-value\">Atualizar um espa\u00e7o vers\u00e1til num ambiente protegido.<\/span><\/span><\/h3><\/div><\/div><\/div><div class=\"vc_col-sm-6 wpb_column vc_column_container\"><div class=\"vc_column-inner\"><div class=\"wpb_wrapper\"><div class=\"wpb_text_column us_custom_35d02291\"><div class=\"wpb_wrapper\"><p>La Confiter\u00eda com maior tradi\u00e7\u00e3o e solera de Sevilha, La Campana, inaugurava um novo espa\u00e7o no centro de Sevilha. Precisamente num ambiente urban\u00edstico protegido pela proximidade da Catedral de Sevilha, a Kauma enfrentava o desafio de multiplicar o espa\u00e7o interior, eliminando barreiras visuais e, ao mesmo tempo, respeitando a arquitetura. Era preciso trazer a ess\u00eancia de uma confeitaria com quase 140 anos de hist\u00f3ria para o s\u00e9culo XXI. O vidro j\u00e1 era o grande protagonista do local, com grandes vitrinas para real\u00e7ar os doces mais requintados. E o cristal tinha de continuar a ser o fio condutor na cria\u00e7\u00e3o de um espa\u00e7o sem barreiras, integrando a esplanada exterior na sala interior e gerando um espa\u00e7o sem barreiras visuais.<\/p>\n<\/div><\/div><\/div><\/div><\/div><\/div><\/div><\/section><section class=\"l-section wpb_row us_custom_c70c97eb height_auto\"><div class=\"l-section-h i-cf\"><div class=\"g-cols vc_row via_flex valign_top type_default stacking_default\"><div class=\"vc_col-sm-12 wpb_column vc_column_container\"><div class=\"vc_column-inner\"><div class=\"wpb_wrapper\"><div class=\"w-grid-none type_message\">Nenhum resultado encontrado.<\/div><\/div><\/div><\/div><\/div><\/div><\/section><section class=\"l-section wpb_row height_auto\"><div class=\"l-section-h i-cf\"><div class=\"g-cols vc_row via_flex valign_top type_default stacking_default\"><div class=\"vc_col-sm-6 wpb_column vc_column_container\"><div class=\"vc_column-inner\"><div class=\"wpb_wrapper\"><div class=\"w-text\"><span class=\"w-text-h\"><span class=\"w-text-value\">A SOLU\u00c7\u00c3O KAUMA<\/span><\/span><\/div><div class=\"w-separator size_medium\"><\/div><h3 class=\"w-text us_custom_6d40c2df\"><span class=\"w-text-h\"><span class=\"w-text-value\">Isolamento t\u00e9rmico e&lt;br&gt;cores respeitosas.<\/span><\/span><\/h3><\/div><\/div><\/div><div class=\"vc_col-sm-6 wpb_column vc_column_container\"><div class=\"vc_column-inner\"><div class=\"wpb_wrapper\"><div class=\"wpb_text_column us_custom_35d02291\"><div class=\"wpb_wrapper\"><p>Embora inicialmente a propriedade pensasse na cortina de vidro tradicional, a Pivotal 250, ap\u00f3s estudarmos as suas necessidades, propusemos a solu\u00e7\u00e3o Pivotal 350. A ideia era garantir o maior isolamento poss\u00edvel no interior quando a cortina estivesse fechada. A Pivotal 350, a cortina de vidro com isolamento t\u00e9rmico, oferece prote\u00e7\u00e3o contra o frio e as altas temperaturas de Sevilha gra\u00e7as ao seu vidro duplo.  <\/p>\n<p>Estas caracter\u00edsticas tornam a Pivotal 350 na cortina de vidro perfeita em Sevilha: no inverno, o seu vidro de c\u00e2mara isola do frio e \u00e9 a cortina de vidro mais estanque do mercado face \u00e0 chuva. No ver\u00e3o, mant\u00e9m no interior o frescor do ar condicionado e bloqueia as altas temperaturas do exterior. E nas meias-esta\u00e7\u00f5es, permite uma abertura total do sistema, como uma cortina de vidro convencional, fazendo do interior e do exterior um s\u00f3 espa\u00e7o.  <\/p>\n<p>Como detalhe adicional, lac\u00e1mos a perfilaria num tom champanhe, um RAL especial mate da nossa extensa carta de cores. Este tom est\u00e1 em harmonia com o entorno e com a est\u00e9tica vanguardista-tradicional que imprime a ess\u00eancia desta confeitaria centen\u00e1ria.<\/p>\n<\/div><\/div><\/div><\/div><\/div><\/div><\/div><\/section>\n","protected":false},"excerpt":{"rendered":"<p>Tradi\u00e7\u00e3o e vanguarda.<br \/>Confeitaria aberta aos novos tempos.<\/p>\n","protected":false},"featured_media":19897,"template":"","meta":{"_acf_changed":false},"categoria-casos-de-estudio":[39],"class_list":["post-33617","caso-de-estudio","type-caso-de-estudio","status-publish","has-post-thumbnail","hentry","categoria-casos-de-estudio-comercial"],"acf":[],"_links":{"self":[{"href":"https:\/\/kauma.es\/pt-pt\/wp-json\/wp\/v2\/caso-de-estudio\/33617","targetHints":{"allow":["GET"]}}],"collection":[{"href":"https:\/\/kauma.es\/pt-pt\/wp-json\/wp\/v2\/caso-de-estudio"}],"about":[{"href":"https:\/\/kauma.es\/pt-pt\/wp-json\/wp\/v2\/types\/caso-de-estudio"}],"wp:featuredmedia":[{"embeddable":true,"href":"https:\/\/kauma.es\/pt-pt\/wp-json\/wp\/v2\/media\/19897"}],"wp:attachment":[{"href":"https:\/\/kauma.es\/pt-pt\/wp-json\/wp\/v2\/media?parent=33617"}],"wp:term":[{"taxonomy":"categoria-casos-de-estudio","embeddable":true,"href":"https:\/\/kauma.es\/pt-pt\/wp-json\/wp\/v2\/categoria-casos-de-estudio?post=33617"}],"curies":[{"name":"wp","href":"https:\/\/api.w.org\/{rel}","templated":true}]}}

A cortina de vidro mais isolante para a confeitaria com mais tradição de Sevilha.

<section class="l-section wpb_row height_auto"><div class="l-section-h i-cf"><div class="g-cols vc_row via_flex valign_top type_default stacking_default"><div class="vc_col-sm-6 wpb_column vc_column_container"><div class="vc_column-inner"><div class="wpb_wrapper"><div class="w-text"><span class="w-text-h"><span class="w-text-value">O DESAFIO</span></span></div><div class="w-separator size_medium"></div><h3 class="w-text us_custom_47025d36"><span class="w-text-h"><span class="w-text-value">Atualizar um espaço versátil num ambiente protegido.</span></span></h3></div></div></div><div class="vc_col-sm-6 wpb_column vc_column_container"><div class="vc_column-inner"><div class="wpb_wrapper"><div class="wpb_text_column us_custom_35d02291"><div class="wpb_wrapper"><p>La Confitería com maior tradição e solera de Sevilha, La Campana, inaugurava um novo espaço no centro de Sevilha. Precisamente num ambiente urbanístico protegido pela proximidade da Catedral de Sevilha, a Kauma enfrentava o desafio de multiplicar o espaço interior, eliminando barreiras visuais e, ao mesmo tempo, respeitando a arquitetura. Era preciso trazer a essência de uma confeitaria com quase 140 anos de história para o século XXI. O vidro já era o grande protagonista do local, com grandes vitrinas para realçar os doces mais requintados. E o cristal tinha de continuar a ser o fio condutor na criação de um espaço sem barreiras, integrando a esplanada exterior na sala interior e gerando um espaço sem barreiras visuais.</p>
</div></div></div></div></div></div></div></section><section class="l-section wpb_row us_custom_c70c97eb height_auto"><div class="l-section-h i-cf"><div class="g-cols vc_row via_flex valign_top type_default stacking_default"><div class="vc_col-sm-12 wpb_column vc_column_container"><div class="vc_column-inner"><div class="wpb_wrapper"><div class="w-grid-none type_message">Nenhum resultado encontrado.</div></div></div></div></div></div></section><section class="l-section wpb_row height_auto"><div class="l-section-h i-cf"><div class="g-cols vc_row via_flex valign_top type_default stacking_default"><div class="vc_col-sm-6 wpb_column vc_column_container"><div class="vc_column-inner"><div class="wpb_wrapper"><div class="w-text"><span class="w-text-h"><span class="w-text-value">A SOLUÇÃO KAUMA</span></span></div><div class="w-separator size_medium"></div><h3 class="w-text us_custom_6d40c2df"><span class="w-text-h"><span class="w-text-value">Isolamento térmico e&lt;br&gt;cores respeitosas.</span></span></h3></div></div></div><div class="vc_col-sm-6 wpb_column vc_column_container"><div class="vc_column-inner"><div class="wpb_wrapper"><div class="wpb_text_column us_custom_35d02291"><div class="wpb_wrapper"><p>Embora inicialmente a propriedade pensasse na cortina de vidro tradicional, a Pivotal 250, após estudarmos as suas necessidades, propusemos a solução Pivotal 350. A ideia era garantir o maior isolamento possível no interior quando a cortina estivesse fechada. A Pivotal 350, a cortina de vidro com isolamento térmico, oferece proteção contra o frio e as altas temperaturas de Sevilha graças ao seu vidro duplo.  </p>
<p>Estas características tornam a Pivotal 350 na cortina de vidro perfeita em Sevilha: no inverno, o seu vidro de câmara isola do frio e é a cortina de vidro mais estanque do mercado face à chuva. No verão, mantém no interior o frescor do ar condicionado e bloqueia as altas temperaturas do exterior. E nas meias-estações, permite uma abertura total do sistema, como uma cortina de vidro convencional, fazendo do interior e do exterior um só espaço.  </p>
<p>Como detalhe adicional, lacámos a perfilaria num tom champanhe, um RAL especial mate da nossa extensa carta de cores. Este tom está em harmonia com o entorno e com a estética vanguardista-tradicional que imprime a essência desta confeitaria centenária.</p>
</div></div></div></div></div></div></div></section>

<p>Tradição e vanguarda.<br />Confeitaria aberta aos novos tempos.</p>
