{"id":33619,"date":"2024-07-29T14:22:50","date_gmt":"2024-07-29T12:22:50","guid":{"rendered":"https:\/\/kauma.es\/caso-de-estudio\/cobrir-um-terraco-com-avanco-circular\/"},"modified":"2026-04-24T12:41:49","modified_gmt":"2026-04-24T10:41:49","slug":"cobrir-um-terraco-com-avanco-circular","status":"publish","type":"caso-de-estudio","link":"https:\/\/kauma.es\/pt-pt\/caso-de-estudio\/cobrir-um-terraco-com-avanco-circular\/","title":{"rendered":"Cobrir um terra\u00e7o com avan\u00e7o circular."},"content":{"rendered":"<section class=\"l-section wpb_row height_auto\"><div class=\"l-section-h i-cf\"><div class=\"g-cols vc_row via_flex valign_top type_default stacking_default\"><div class=\"vc_col-sm-6 wpb_column vc_column_container\"><div class=\"vc_column-inner\"><div class=\"wpb_wrapper\"><div class=\"w-text\"><span class=\"w-text-h\"><span class=\"w-text-value\">O DESAFIO<\/span><\/span><\/div><div class=\"w-separator size_medium\"><\/div><h3 class=\"w-text us_custom_db02874a\"><span class=\"w-text-h\"><span class=\"w-text-value\">Vuelo circular para cobrir um terra\u00e7o.<\/span><\/span><\/h3><\/div><\/div><\/div><div class=\"vc_col-sm-6 wpb_column vc_column_container\"><div class=\"vc_column-inner\"><div class=\"wpb_wrapper\"><div class=\"wpb_text_column us_custom_35d02291\"><div class=\"wpb_wrapper\"><p>Francisco Javier tem uma casa de estilo tradicional. Na parte superior, o terra\u00e7o sempre esteve descoberto. Quando quis dar uma segunda vida ao terra\u00e7o para sombrear o piso superior da casa, deparou-se com um desafio: como cobrir o v\u00e3o semicircular do terra\u00e7o mantendo a forma original. E, al\u00e9m disso, que essa cobertura fosse m\u00f3vel. O desafio n\u00e3o estava apenas nas placas do teto, mas tamb\u00e9m \u2014 e em grande medida \u2014 nas vigas, desenhadas \u00e0 medida e pensadas ao mil\u00edmetro.<\/p>\n<\/div><\/div><\/div><\/div><\/div><\/div><\/div><\/section><section class=\"l-section wpb_row us_custom_c70c97eb height_auto\"><div class=\"l-section-h i-cf\"><div class=\"g-cols vc_row via_flex valign_top type_default stacking_default\"><div class=\"vc_col-sm-12 wpb_column vc_column_container\"><div class=\"vc_column-inner\"><div class=\"wpb_wrapper\"><div class=\"w-image align_center\"><div class=\"w-image-h\"><img decoding=\"async\" width=\"1024\" height=\"575\" src=\"https:\/\/kauma.es\/wp-content\/uploads\/2024\/07\/Imagen-portada-Casos-de-estudio-techo-un-terminacion-circular2.jpeg\" class=\"attachment-full size-full\" alt=\"\" loading=\"lazy\" srcset=\"https:\/\/kauma.es\/wp-content\/uploads\/2024\/07\/Imagen-portada-Casos-de-estudio-techo-un-terminacion-circular2.jpeg 1024w, https:\/\/kauma.es\/wp-content\/uploads\/2024\/07\/Imagen-portada-Casos-de-estudio-techo-un-terminacion-circular2-600x337.jpeg 600w, https:\/\/kauma.es\/wp-content\/uploads\/2024\/07\/Imagen-portada-Casos-de-estudio-techo-un-terminacion-circular2-300x168.jpeg 300w\" sizes=\"auto, (max-width: 1024px) 100vw, 1024px\" \/><\/div><\/div><\/div><\/div><\/div><\/div><\/div><\/section><section class=\"l-section wpb_row height_auto\"><div class=\"l-section-h i-cf\"><div class=\"g-cols vc_row via_flex valign_top type_default stacking_default\"><div class=\"vc_col-sm-6 wpb_column vc_column_container\"><div class=\"vc_column-inner\"><div class=\"wpb_wrapper\"><div class=\"w-text\"><span class=\"w-text-h\"><span class=\"w-text-value\">A SOLU\u00c7\u00c3O KAUMA<\/span><\/span><\/div><div class=\"w-separator size_medium\"><\/div><h3 class=\"w-text us_custom_db02874a\"><span class=\"w-text-h\"><span class=\"w-text-value\">Vigas e caleir\u00e3o desenhados \u00e0 medida.<\/span><\/span><\/h3><\/div><\/div><\/div><div class=\"vc_col-sm-6 wpb_column vc_column_container\"><div class=\"vc_column-inner\"><div class=\"wpb_wrapper\"><div class=\"wpb_text_column us_custom_35d02291\"><div class=\"wpb_wrapper\"><p>Com uma medi\u00e7\u00e3o exaustiva, o processo de design exigiu a per\u00edcia de tr\u00eas departamentos: design, fabrico e instala\u00e7\u00e3o. Extra\u00edmos as medidas da planta e calcul\u00e1mos o arco formado pela varanda para obter o per\u00edmetro a partir do qual desenvolver\u00edamos as vigas estruturais de a\u00e7o. <\/p>\n<p>Gra\u00e7as a essa solu\u00e7\u00e3o, tamb\u00e9m \u00e9 poss\u00edvel cortar as placas de policarbonato do teto m\u00f3vel Tactic 120 com a forma desejada. \u00c9 necess\u00e1rio um estudo de design e engenharia para calcular os arcos em fun\u00e7\u00e3o do n\u00famero de placas e da forma do avan\u00e7o. <\/p>\n<p>Para al\u00e9m da complexidade da forma das placas, foi necess\u00e1rio criar um canal\u00e3o especial, moldado e em a\u00e7o. Este canal\u00e3o galvanizado cumpre uma dupla fun\u00e7\u00e3o: recolhe e reconduz as \u00e1guas. A descida de \u00e1guas foi colocada num dos cantos, recuada em rela\u00e7\u00e3o ao voo em forma de arco.<\/p>\n<\/div><\/div><\/div><\/div><\/div><\/div><\/div><\/section>\n","protected":false},"excerpt":{"rendered":"<p>Seguindo a forma da varanda.<br \/>\nTerra\u00e7o com forma circular.<\/p>\n","protected":false},"featured_media":19909,"template":"","meta":{"_acf_changed":false},"categoria-casos-de-estudio":[40],"class_list":["post-33619","caso-de-estudio","type-caso-de-estudio","status-publish","has-post-thumbnail","hentry","categoria-casos-de-estudio-residencial"],"acf":[],"_links":{"self":[{"href":"https:\/\/kauma.es\/pt-pt\/wp-json\/wp\/v2\/caso-de-estudio\/33619","targetHints":{"allow":["GET"]}}],"collection":[{"href":"https:\/\/kauma.es\/pt-pt\/wp-json\/wp\/v2\/caso-de-estudio"}],"about":[{"href":"https:\/\/kauma.es\/pt-pt\/wp-json\/wp\/v2\/types\/caso-de-estudio"}],"wp:featuredmedia":[{"embeddable":true,"href":"https:\/\/kauma.es\/pt-pt\/wp-json\/wp\/v2\/media\/19909"}],"wp:attachment":[{"href":"https:\/\/kauma.es\/pt-pt\/wp-json\/wp\/v2\/media?parent=33619"}],"wp:term":[{"taxonomy":"categoria-casos-de-estudio","embeddable":true,"href":"https:\/\/kauma.es\/pt-pt\/wp-json\/wp\/v2\/categoria-casos-de-estudio?post=33619"}],"curies":[{"name":"wp","href":"https:\/\/api.w.org\/{rel}","templated":true}]}}

Cobrir um terraço com avanço circular.

<section class="l-section wpb_row height_auto"><div class="l-section-h i-cf"><div class="g-cols vc_row via_flex valign_top type_default stacking_default"><div class="vc_col-sm-6 wpb_column vc_column_container"><div class="vc_column-inner"><div class="wpb_wrapper"><div class="w-text"><span class="w-text-h"><span class="w-text-value">O DESAFIO</span></span></div><div class="w-separator size_medium"></div><h3 class="w-text us_custom_db02874a"><span class="w-text-h"><span class="w-text-value">Vuelo circular para cobrir um terraço.</span></span></h3></div></div></div><div class="vc_col-sm-6 wpb_column vc_column_container"><div class="vc_column-inner"><div class="wpb_wrapper"><div class="wpb_text_column us_custom_35d02291"><div class="wpb_wrapper"><p>Francisco Javier tem uma casa de estilo tradicional. Na parte superior, o terraço sempre esteve descoberto. Quando quis dar uma segunda vida ao terraço para sombrear o piso superior da casa, deparou-se com um desafio: como cobrir o vão semicircular do terraço mantendo a forma original. E, além disso, que essa cobertura fosse móvel. O desafio não estava apenas nas placas do teto, mas também — e em grande medida — nas vigas, desenhadas à medida e pensadas ao milímetro.</p>
</div></div></div></div></div></div></div></section><section class="l-section wpb_row us_custom_c70c97eb height_auto"><div class="l-section-h i-cf"><div class="g-cols vc_row via_flex valign_top type_default stacking_default"><div class="vc_col-sm-12 wpb_column vc_column_container"><div class="vc_column-inner"><div class="wpb_wrapper"><div class="w-image align_center"><div class="w-image-h"><img decoding="async" width="1024" height="575" src="https://kauma.es/wp-content/uploads/2024/07/Imagen-portada-Casos-de-estudio-techo-un-terminacion-circular2.jpeg" class="attachment-full size-full" alt="" loading="lazy" srcset="https://kauma.es/wp-content/uploads/2024/07/Imagen-portada-Casos-de-estudio-techo-un-terminacion-circular2.jpeg 1024w, https://kauma.es/wp-content/uploads/2024/07/Imagen-portada-Casos-de-estudio-techo-un-terminacion-circular2-600x337.jpeg 600w, https://kauma.es/wp-content/uploads/2024/07/Imagen-portada-Casos-de-estudio-techo-un-terminacion-circular2-300x168.jpeg 300w" sizes="auto, (max-width: 1024px) 100vw, 1024px" /></div></div></div></div></div></div></div></section><section class="l-section wpb_row height_auto"><div class="l-section-h i-cf"><div class="g-cols vc_row via_flex valign_top type_default stacking_default"><div class="vc_col-sm-6 wpb_column vc_column_container"><div class="vc_column-inner"><div class="wpb_wrapper"><div class="w-text"><span class="w-text-h"><span class="w-text-value">A SOLUÇÃO KAUMA</span></span></div><div class="w-separator size_medium"></div><h3 class="w-text us_custom_db02874a"><span class="w-text-h"><span class="w-text-value">Vigas e caleirão desenhados à medida.</span></span></h3></div></div></div><div class="vc_col-sm-6 wpb_column vc_column_container"><div class="vc_column-inner"><div class="wpb_wrapper"><div class="wpb_text_column us_custom_35d02291"><div class="wpb_wrapper"><p>Com uma medição exaustiva, o processo de design exigiu a perícia de três departamentos: design, fabrico e instalação. Extraímos as medidas da planta e calculámos o arco formado pela varanda para obter o perímetro a partir do qual desenvolveríamos as vigas estruturais de aço. </p>
<p>Graças a essa solução, também é possível cortar as placas de policarbonato do teto móvel Tactic 120 com a forma desejada. É necessário um estudo de design e engenharia para calcular os arcos em função do número de placas e da forma do avanço. </p>
<p>Para além da complexidade da forma das placas, foi necessário criar um canalão especial, moldado e em aço. Este canalão galvanizado cumpre uma dupla função: recolhe e reconduz as águas. A descida de águas foi colocada num dos cantos, recuada em relação ao voo em forma de arco.</p>
</div></div></div></div></div></div></div></section>

<p>Seguindo a forma da varanda.<br />
Terraço com forma circular.</p>
