{"id":33620,"date":"2024-07-29T14:21:49","date_gmt":"2024-07-29T12:21:49","guid":{"rendered":"https:\/\/kauma.es\/caso-de-estudio\/ampliacao-de-um-alpendre-com-pergola-bioclimatica\/"},"modified":"2026-04-24T12:44:08","modified_gmt":"2026-04-24T10:44:08","slug":"ampliacao-de-um-alpendre-com-pergola-bioclimatica","status":"publish","type":"caso-de-estudio","link":"https:\/\/kauma.es\/pt-pt\/caso-de-estudio\/ampliacao-de-um-alpendre-com-pergola-bioclimatica\/","title":{"rendered":"Amplia\u00e7\u00e3o de um alpendre com p\u00e9rgola bioclim\u00e1tica."},"content":{"rendered":"<section class=\"l-section wpb_row height_auto\"><div class=\"l-section-h i-cf\"><div class=\"g-cols vc_row via_flex valign_top type_default stacking_default\"><div class=\"vc_col-sm-6 wpb_column vc_column_container\"><div class=\"vc_column-inner\"><div class=\"wpb_wrapper\"><div class=\"w-text\"><span class=\"w-text-h\"><span class=\"w-text-value\">O DESAFIO<\/span><\/span><\/div><div class=\"w-separator size_medium\"><\/div><h3 class=\"w-text us_custom_0136c952\"><span class=\"w-text-h\"><span class=\"w-text-value\">Sete metros lineares sem pilares.<\/span><\/span><\/h3><\/div><\/div><\/div><div class=\"vc_col-sm-6 wpb_column vc_column_container\"><div class=\"vc_column-inner\"><div class=\"wpb_wrapper\"><div class=\"wpb_text_column us_custom_35d02291\"><div class=\"wpb_wrapper\"><p>O grupo de arquitetos da Espaziona apresentou-nos um projeto em que o essencial era manter o espa\u00e7o do alpendre completamente aberto. N\u00e3o queriam qualquer obst\u00e1culo visual \u00e0 frente. O problema era que, para ampliar o terra\u00e7o em mais de sete metros de frente, seria necess\u00e1rio colocar algum pilar interm\u00e9dio. Ou talvez n\u00e3o. Com a Kauma, sabiam que ir\u00edamos encontrar a solu\u00e7\u00e3o t\u00e9cnica que procuravam para o seu cliente: criar um terra\u00e7o exterior protegido do frio e do vento no inverno e do calor no ver\u00e3o, sem abdicar das vistas para o jardim que tinham a partir do interior.<\/p>\n<\/div><\/div><\/div><\/div><\/div><\/div><\/div><\/section><section class=\"l-section wpb_row height_auto\"><div class=\"l-section-h i-cf\"><div class=\"g-cols vc_row via_flex valign_top type_default stacking_default\"><div class=\"vc_col-sm-6 wpb_column vc_column_container\"><div class=\"vc_column-inner\"><div class=\"wpb_wrapper\"><div class=\"w-text\"><span class=\"w-text-h\"><span class=\"w-text-value\">A SOLU\u00c7\u00c3O KAUMA<\/span><\/span><\/div><div class=\"w-separator size_medium\"><\/div><h3 class=\"w-text us_custom_0136c952\"><span class=\"w-text-h\"><span class=\"w-text-value\">Dupla viga,&lt;br&gt;dupla resist\u00eancia.<\/span><\/span><\/h3><\/div><\/div><\/div><div class=\"vc_col-sm-6 wpb_column vc_column_container\"><div class=\"vc_column-inner\"><div class=\"wpb_wrapper\"><div class=\"wpb_text_column us_custom_35d02291\"><div class=\"wpb_wrapper\"><p>Aproveitando a laje e para contornar os pilares centrais, opt\u00e1mos por desenhar uma dupla viga perimetral na parte superior da p\u00e9rgola bioclim\u00e1tica Nimbo. Do interior, esta dupla altura \u00e9 completamente impercet\u00edvel e, do exterior, a sensa\u00e7\u00e3o de robustez da estrutura mant\u00e9m-se extremamente elegante. <\/p>\n<p>Para aproveitar ao m\u00e1ximo o espa\u00e7o, independentemente do clima exterior, pensou-se em fechar o per\u00edmetro da p\u00e9rgola com cortinas de vidro. Neste caso, o modelo escolhido foi o Parallel 150, pois as suas folhas amplas (at\u00e9 1500 mm de largura) multiplicam a sensa\u00e7\u00e3o de um espa\u00e7o amplo, sem obst\u00e1culos visuais. <\/p>\n<p>Sem d\u00favida, a combina\u00e7\u00e3o de p\u00e9rgola bioclim\u00e1tica + fechamento em vidro cria, nesta casa em Sevilha, um espa\u00e7o de conv\u00edvio e usufruto para toda a fam\u00edlia.<\/p>\n<\/div><\/div><\/div><\/div><\/div><\/div><\/div><\/section>\n","protected":false},"excerpt":{"rendered":"<p>Mais metros \u00fateis.<br \/>\nSem obstruir a vis\u00e3o.<\/p>\n","protected":false},"featured_media":19905,"template":"","meta":{"_acf_changed":false},"categoria-casos-de-estudio":[40],"class_list":["post-33620","caso-de-estudio","type-caso-de-estudio","status-publish","has-post-thumbnail","hentry","categoria-casos-de-estudio-residencial"],"acf":[],"_links":{"self":[{"href":"https:\/\/kauma.es\/pt-pt\/wp-json\/wp\/v2\/caso-de-estudio\/33620","targetHints":{"allow":["GET"]}}],"collection":[{"href":"https:\/\/kauma.es\/pt-pt\/wp-json\/wp\/v2\/caso-de-estudio"}],"about":[{"href":"https:\/\/kauma.es\/pt-pt\/wp-json\/wp\/v2\/types\/caso-de-estudio"}],"wp:featuredmedia":[{"embeddable":true,"href":"https:\/\/kauma.es\/pt-pt\/wp-json\/wp\/v2\/media\/19905"}],"wp:attachment":[{"href":"https:\/\/kauma.es\/pt-pt\/wp-json\/wp\/v2\/media?parent=33620"}],"wp:term":[{"taxonomy":"categoria-casos-de-estudio","embeddable":true,"href":"https:\/\/kauma.es\/pt-pt\/wp-json\/wp\/v2\/categoria-casos-de-estudio?post=33620"}],"curies":[{"name":"wp","href":"https:\/\/api.w.org\/{rel}","templated":true}]}}

Ampliação de um alpendre com pérgola bioclimática.

<section class="l-section wpb_row height_auto"><div class="l-section-h i-cf"><div class="g-cols vc_row via_flex valign_top type_default stacking_default"><div class="vc_col-sm-6 wpb_column vc_column_container"><div class="vc_column-inner"><div class="wpb_wrapper"><div class="w-text"><span class="w-text-h"><span class="w-text-value">O DESAFIO</span></span></div><div class="w-separator size_medium"></div><h3 class="w-text us_custom_0136c952"><span class="w-text-h"><span class="w-text-value">Sete metros lineares sem pilares.</span></span></h3></div></div></div><div class="vc_col-sm-6 wpb_column vc_column_container"><div class="vc_column-inner"><div class="wpb_wrapper"><div class="wpb_text_column us_custom_35d02291"><div class="wpb_wrapper"><p>O grupo de arquitetos da Espaziona apresentou-nos um projeto em que o essencial era manter o espaço do alpendre completamente aberto. Não queriam qualquer obstáculo visual à frente. O problema era que, para ampliar o terraço em mais de sete metros de frente, seria necessário colocar algum pilar intermédio. Ou talvez não. Com a Kauma, sabiam que iríamos encontrar a solução técnica que procuravam para o seu cliente: criar um terraço exterior protegido do frio e do vento no inverno e do calor no verão, sem abdicar das vistas para o jardim que tinham a partir do interior.</p>
</div></div></div></div></div></div></div></section><section class="l-section wpb_row height_auto"><div class="l-section-h i-cf"><div class="g-cols vc_row via_flex valign_top type_default stacking_default"><div class="vc_col-sm-6 wpb_column vc_column_container"><div class="vc_column-inner"><div class="wpb_wrapper"><div class="w-text"><span class="w-text-h"><span class="w-text-value">A SOLUÇÃO KAUMA</span></span></div><div class="w-separator size_medium"></div><h3 class="w-text us_custom_0136c952"><span class="w-text-h"><span class="w-text-value">Dupla viga,&lt;br&gt;dupla resistência.</span></span></h3></div></div></div><div class="vc_col-sm-6 wpb_column vc_column_container"><div class="vc_column-inner"><div class="wpb_wrapper"><div class="wpb_text_column us_custom_35d02291"><div class="wpb_wrapper"><p>Aproveitando a laje e para contornar os pilares centrais, optámos por desenhar uma dupla viga perimetral na parte superior da pérgola bioclimática Nimbo. Do interior, esta dupla altura é completamente impercetível e, do exterior, a sensação de robustez da estrutura mantém-se extremamente elegante. </p>
<p>Para aproveitar ao máximo o espaço, independentemente do clima exterior, pensou-se em fechar o perímetro da pérgola com cortinas de vidro. Neste caso, o modelo escolhido foi o Parallel 150, pois as suas folhas amplas (até 1500 mm de largura) multiplicam a sensação de um espaço amplo, sem obstáculos visuais. </p>
<p>Sem dúvida, a combinação de pérgola bioclimática + fechamento em vidro cria, nesta casa em Sevilha, um espaço de convívio e usufruto para toda a família.</p>
</div></div></div></div></div></div></div></section>

<p>Mais metros úteis.<br />
Sem obstruir a visão.</p>
